
{"id":2874,"date":"2022-06-01T09:31:35","date_gmt":"2022-06-01T07:31:35","guid":{"rendered":"https:\/\/tacarc.org\/info\/?post_type=tribe_events&#038;p=2874"},"modified":"2022-06-01T18:03:21","modified_gmt":"2022-06-01T16:03:21","slug":"entrainement-parcours-6-juin-2022","status":"publish","type":"tribe_events","link":"https:\/\/tacarc.org\/info\/event\/entrainement-parcours-6-juin-2022\/","title":{"rendered":"Entra\u00eenement d\u00e9couverte parcours 6 juin 2022"},"content":{"rendered":"<p><span style=\"color: #000000;\"><span style=\"font-family: Calibri, serif;\"><span style=\"font-size: large;\"><b>Lundi 6 juin<\/b><\/span><\/span><\/span><span style=\"color: #000000;\"><span style=\"font-family: Calibri, serif;\"><span style=\"font-size: large;\"> de 9h30 \u00e012h00.<\/span><\/span><\/span><\/p>\n<p><span style=\"color: #000000;\"><span style=\"font-family: Calibri, serif;\"><span style=\"font-size: large;\"><a href=\"https:\/\/tacarc.org\/info\/wp-content\/uploads\/2013\/08\/etroits201307_laurent.jpg\"><img loading=\"lazy\" decoding=\"async\" class=\"size-medium wp-image-825 alignright\" src=\"https:\/\/tacarc.org\/info\/wp-content\/uploads\/2013\/08\/etroits201307_laurent-300x185.jpg\" alt=\"\" width=\"300\" height=\"185\" srcset=\"https:\/\/tacarc.org\/info\/wp-content\/uploads\/2013\/08\/etroits201307_laurent-300x185.jpg 300w, https:\/\/tacarc.org\/info\/wp-content\/uploads\/2013\/08\/etroits201307_laurent-1024x634.jpg 1024w, https:\/\/tacarc.org\/info\/wp-content\/uploads\/2013\/08\/etroits201307_laurent.jpg 1407w\" sizes=\"auto, (max-width: 300px) 100vw, 300px\" \/><\/a>Je vous propose pour tous ceux qui sont int\u00e9ress\u00e9s et qui le peuvent, de participer \u00e0 une d\u00e9couverte du tir en parcours, sur notre terrain d\u2019entrainement au chemin des \u00e9troits.<\/span><\/span><\/span><\/p>\n<p><span style=\"color: #000000;\"><span style=\"font-family: Calibri, serif;\">Pour y participer il faut\u00a0:<\/span><\/span><\/p>\n<ul>\n<li><span style=\"color: #000000;\"><span style=\"font-family: Calibri, serif;\">Vous inscrire <a href=\"https:\/\/tacarc.org\/info\/parcours-des-etroits\/#Reservation_de_parcours\">https:\/\/tacarc.org\/info\/parcours-des-etroits\/#Reservation_de_parcours<\/a><\/span><\/span><\/li>\n<li><span style=\"color: #000000;\"><span style=\"font-family: Calibri, serif;\">Avoir son mat\u00e9riel de tir <\/span><\/span><\/li>\n<li><span style=\"color: #000000;\"><span style=\"font-family: Calibri, serif;\">Des chaussures de marche ou \u00e9quivalent (*pour marcher dans l\u2019herbe haute).<\/span><\/span><\/li>\n<li><span style=\"color: #000000;\"><span style=\"font-family: Calibri, serif;\">Un pantalon long(*).<\/span><\/span><\/li>\n<li><span style=\"color: #000000;\"><span style=\"font-family: Calibri, serif;\">Un chapeau si vous le souhaiterez.<\/span><\/span><\/li>\n<li><span style=\"color: #000000;\"><span style=\"font-family: Calibri, serif;\">De l\u2019eau (conseill\u00e9)<\/span><\/span><\/li>\n<\/ul>\n<p><span style=\"color: #000000;\"><span style=\"font-family: Calibri, serif;\"><span style=\"font-size: large;\"><u>Programme du matin<\/u><\/span><\/span><\/span><span style=\"color: #000000;\"><span style=\"font-family: Calibri, serif;\"><span style=\"font-size: large;\">\u00a0:\u00a0<\/span><\/span><\/span><span style=\"color: #000000;\"><span style=\"font-family: Calibri, serif;\">\u00a0<\/span><\/span><\/p>\n<ul>\n<li><span style=\"color: #000000;\"><span style=\"font-family: Times New Roman, serif;\"><span style=\"font-size: large;\">Montage des arcs\u00a0(10mn)<\/span><\/span><\/span><span style=\"color: #000000;\"><span style=\"font-family: Times New Roman, serif;\"><span style=\"font-size: medium;\">\u00a0<\/span><\/span><\/span><\/li>\n<li><span style=\"color: #000000;\"><span style=\"font-family: Times New Roman, serif;\"><span style=\"font-size: large;\">\u00c9chauffement.<\/span><\/span><\/span><span style=\"color: #000000;\"><span style=\"font-family: Times New Roman, serif;\"><span style=\"font-size: medium;\">\u00a0<\/span><\/span><\/span><span style=\"color: #000000;\"><span style=\"font-family: Times New Roman, serif;\"><span style=\"font-size: large;\">(10mn)<\/span><\/span><\/span><span style=\"color: #000000;\"><span style=\"font-family: Times New Roman, serif;\"><span style=\"font-size: medium;\">\u00a0<\/span><\/span><\/span><\/li>\n<li><span style=\"color: #000000;\"><span style=\"font-family: Times New Roman, serif;\"><span style=\"font-size: large;\">D\u00e9but du tir.<\/span><\/span><\/span><\/li>\n<li><span style=\"color: #000000;\"><span style=\"font-family: Times New Roman, serif;\"><span style=\"font-size: large;\">Pr\u00e9sentation et Explication<\/span><\/span><\/span><span style=\"color: #000000;\"><span style=\"font-family: Times New Roman, serif;\"><span style=\"font-size: medium;\">. <\/span><\/span><\/span><span style=\"color: #000000;\"><span style=\"font-family: Times New Roman, serif;\"><span style=\"font-size: large;\">(pendant)<\/span><\/span><\/span><span style=\"color: #000000;\"><span style=\"font-family: Times New Roman, serif;\"><span style=\"font-size: medium;\">\u00a0 <\/span><\/span><\/span><\/li>\n<li><span style=\"color: #000000;\"><span style=\"font-family: Times New Roman, serif;\"><span style=\"font-size: large;\">Fin du tir.<\/span><\/span><\/span><span style=\"color: #000000;\"><span style=\"font-family: Times New Roman, serif;\"><span style=\"font-size: medium;\"> (1h30)<\/span><\/span><\/span><\/li>\n<li><span style=\"color: #000000;\"><span style=\"font-family: Times New Roman, serif;\"><span style=\"font-size: large;\">\u00c9tirement. <\/span><\/span><\/span><span style=\"color: #000000;\"><span style=\"font-family: Times New Roman, serif;\"><span style=\"font-size: medium;\">(10mn)<\/span><\/span><\/span><\/li>\n<li><span style=\"color: #000000;\"><span style=\"font-family: Times New Roman, serif;\"><span style=\"font-size: large;\">D\u00e9montage des arcs\u00a0(10mn)<\/span><\/span><\/span><span style=\"color: #000000;\"><span style=\"font-family: Times New Roman, serif;\"><span style=\"font-size: medium;\">\u00a0<\/span><\/span><\/span><\/li>\n<\/ul>\n<p><span style=\"color: #000000;\"><span style=\"font-family: Calibri, serif;\"><span style=\"font-size: large;\">Vous pouvez amener des accompagnants s\u2019il respecte les r\u00e8gles de s\u00e9curit\u00e9.\u00a0<\/span><\/span><\/span><span style=\"color: #000000;\"><span style=\"font-family: Calibri, serif;\">\u00a0<\/span><\/span><\/p>\n<p><span style=\"color: #000000;\"><span style=\"font-family: Calibri, serif;\"><span style=\"font-size: large;\"><u>La matin\u00e9e <\/u><\/span><\/span><\/span><span style=\"color: #000000;\"><span style=\"font-family: Calibri, serif;\"><span style=\"font-size: large;\">sera consacr\u00e9e \u00e0 l\u2019entra\u00eenement en pleine nature sur parcours pour <\/span><\/span><\/span><span style=\"color: #000000;\"><span style=\"font-family: Calibri, serif;\"><span style=\"font-size: large;\"><u>le plaisir<\/u><\/span><\/span><\/span><span style=\"color: #000000;\"><span style=\"font-family: Calibri, serif;\"><span style=\"font-size: large;\"> et aux \u00e9changes entre \u00ab\u00a0anciens\u00a0\u00bb et \u00ab\u00a0nouveaux\u00a0\u00bb Pratiquants. N\u2019h\u00e9sitez pas \u00e0 poser des questions et demander des conseils si vous en \u00e9prouvez le besoin.<\/span><\/span><\/span><\/p>\n<p><span style=\"color: #000000;\"><span style=\"font-family: Calibri, serif;\"><span style=\"font-size: large;\"><i><b>Cordialement<\/b><\/i><\/span><\/span><\/span><\/p>\n<p><i><b>Henri<br \/>\nLaurent<\/b><\/i><\/p>\n","protected":false},"excerpt":{"rendered":"<p>Lundi 6 juin de 9h30 \u00e012h00. Je vous propose pour tous ceux qui sont int\u00e9ress\u00e9s et qui le peuvent, de participer \u00e0 une d\u00e9couverte du tir en parcours, sur notre terrain d\u2019entrainement au chemin des \u00e9troits. Pour y participer il &hellip; <a href=\"https:\/\/tacarc.org\/info\/event\/entrainement-parcours-6-juin-2022\/\">Continuer la lecture <span class=\"meta-nav\">&rarr;<\/span><\/a><\/p>\n","protected":false},"author":2,"featured_media":0,"template":"","meta":{"_tribe_events_status":"","_tribe_events_status_reason":"","footnotes":""},"tags":[],"tribe_events_cat":[],"class_list":["post-2874","tribe_events","type-tribe_events","status-publish","hentry"],"jetpack_sharing_enabled":true,"_links":{"self":[{"href":"https:\/\/tacarc.org\/info\/wp-json\/wp\/v2\/tribe_events\/2874","targetHints":{"allow":["GET"]}}],"collection":[{"href":"https:\/\/tacarc.org\/info\/wp-json\/wp\/v2\/tribe_events"}],"about":[{"href":"https:\/\/tacarc.org\/info\/wp-json\/wp\/v2\/types\/tribe_events"}],"author":[{"embeddable":true,"href":"https:\/\/tacarc.org\/info\/wp-json\/wp\/v2\/users\/2"}],"version-history":[{"count":0,"href":"https:\/\/tacarc.org\/info\/wp-json\/wp\/v2\/tribe_events\/2874\/revisions"}],"wp:attachment":[{"href":"https:\/\/tacarc.org\/info\/wp-json\/wp\/v2\/media?parent=2874"}],"wp:term":[{"taxonomy":"post_tag","embeddable":true,"href":"https:\/\/tacarc.org\/info\/wp-json\/wp\/v2\/tags?post=2874"},{"taxonomy":"tribe_events_cat","embeddable":true,"href":"https:\/\/tacarc.org\/info\/wp-json\/wp\/v2\/tribe_events_cat?post=2874"}],"curies":[{"name":"wp","href":"https:\/\/api.w.org\/{rel}","templated":true}]}}

Entraînement découverte parcours 6 juin 2022

<p><span style="color: #000000;"><span style="font-family: Calibri, serif;"><span style="font-size: large;"><b>Lundi 6 juin</b></span></span></span><span style="color: #000000;"><span style="font-family: Calibri, serif;"><span style="font-size: large;"> de 9h30 à12h00.</span></span></span></p>
<p><span style="color: #000000;"><span style="font-family: Calibri, serif;"><span style="font-size: large;"><a href="https://tacarc.org/info/wp-content/uploads/2013/08/etroits201307_laurent.jpg"><img loading="lazy" decoding="async" class="size-medium wp-image-825 alignright" src="https://tacarc.org/info/wp-content/uploads/2013/08/etroits201307_laurent-300x185.jpg" alt="" width="300" height="185" srcset="https://tacarc.org/info/wp-content/uploads/2013/08/etroits201307_laurent-300x185.jpg 300w, https://tacarc.org/info/wp-content/uploads/2013/08/etroits201307_laurent-1024x634.jpg 1024w, https://tacarc.org/info/wp-content/uploads/2013/08/etroits201307_laurent.jpg 1407w" sizes="auto, (max-width: 300px) 100vw, 300px" /></a>Je vous propose pour tous ceux qui sont intéressés et qui le peuvent, de participer à une découverte du tir en parcours, sur notre terrain d’entrainement au chemin des étroits.</span></span></span></p>
<p><span style="color: #000000;"><span style="font-family: Calibri, serif;">Pour y participer il faut :</span></span></p>
<ul>
<li><span style="color: #000000;"><span style="font-family: Calibri, serif;">Vous inscrire <a href="https://tacarc.org/info/parcours-des-etroits/#Reservation_de_parcours">https://tacarc.org/info/parcours-des-etroits/#Reservation_de_parcours</a></span></span></li>
<li><span style="color: #000000;"><span style="font-family: Calibri, serif;">Avoir son matériel de tir </span></span></li>
<li><span style="color: #000000;"><span style="font-family: Calibri, serif;">Des chaussures de marche ou équivalent (*pour marcher dans l’herbe haute).</span></span></li>
<li><span style="color: #000000;"><span style="font-family: Calibri, serif;">Un pantalon long(*).</span></span></li>
<li><span style="color: #000000;"><span style="font-family: Calibri, serif;">Un chapeau si vous le souhaiterez.</span></span></li>
<li><span style="color: #000000;"><span style="font-family: Calibri, serif;">De l’eau (conseillé)</span></span></li>
</ul>
<p><span style="color: #000000;"><span style="font-family: Calibri, serif;"><span style="font-size: large;"><u>Programme du matin</u></span></span></span><span style="color: #000000;"><span style="font-family: Calibri, serif;"><span style="font-size: large;"> : </span></span></span><span style="color: #000000;"><span style="font-family: Calibri, serif;"> </span></span></p>
<ul>
<li><span style="color: #000000;"><span style="font-family: Times New Roman, serif;"><span style="font-size: large;">Montage des arcs (10mn)</span></span></span><span style="color: #000000;"><span style="font-family: Times New Roman, serif;"><span style="font-size: medium;"> </span></span></span></li>
<li><span style="color: #000000;"><span style="font-family: Times New Roman, serif;"><span style="font-size: large;">Échauffement.</span></span></span><span style="color: #000000;"><span style="font-family: Times New Roman, serif;"><span style="font-size: medium;"> </span></span></span><span style="color: #000000;"><span style="font-family: Times New Roman, serif;"><span style="font-size: large;">(10mn)</span></span></span><span style="color: #000000;"><span style="font-family: Times New Roman, serif;"><span style="font-size: medium;"> </span></span></span></li>
<li><span style="color: #000000;"><span style="font-family: Times New Roman, serif;"><span style="font-size: large;">Début du tir.</span></span></span></li>
<li><span style="color: #000000;"><span style="font-family: Times New Roman, serif;"><span style="font-size: large;">Présentation et Explication</span></span></span><span style="color: #000000;"><span style="font-family: Times New Roman, serif;"><span style="font-size: medium;">. </span></span></span><span style="color: #000000;"><span style="font-family: Times New Roman, serif;"><span style="font-size: large;">(pendant)</span></span></span><span style="color: #000000;"><span style="font-family: Times New Roman, serif;"><span style="font-size: medium;">  </span></span></span></li>
<li><span style="color: #000000;"><span style="font-family: Times New Roman, serif;"><span style="font-size: large;">Fin du tir.</span></span></span><span style="color: #000000;"><span style="font-family: Times New Roman, serif;"><span style="font-size: medium;"> (1h30)</span></span></span></li>
<li><span style="color: #000000;"><span style="font-family: Times New Roman, serif;"><span style="font-size: large;">Étirement. </span></span></span><span style="color: #000000;"><span style="font-family: Times New Roman, serif;"><span style="font-size: medium;">(10mn)</span></span></span></li>
<li><span style="color: #000000;"><span style="font-family: Times New Roman, serif;"><span style="font-size: large;">Démontage des arcs (10mn)</span></span></span><span style="color: #000000;"><span style="font-family: Times New Roman, serif;"><span style="font-size: medium;"> </span></span></span></li>
</ul>
<p><span style="color: #000000;"><span style="font-family: Calibri, serif;"><span style="font-size: large;">Vous pouvez amener des accompagnants s’il respecte les règles de sécurité. </span></span></span><span style="color: #000000;"><span style="font-family: Calibri, serif;"> </span></span></p>
<p><span style="color: #000000;"><span style="font-family: Calibri, serif;"><span style="font-size: large;"><u>La matinée </u></span></span></span><span style="color: #000000;"><span style="font-family: Calibri, serif;"><span style="font-size: large;">sera consacrée à l’entraînement en pleine nature sur parcours pour </span></span></span><span style="color: #000000;"><span style="font-family: Calibri, serif;"><span style="font-size: large;"><u>le plaisir</u></span></span></span><span style="color: #000000;"><span style="font-family: Calibri, serif;"><span style="font-size: large;"> et aux échanges entre « anciens » et « nouveaux » Pratiquants. N’hésitez pas à poser des questions et demander des conseils si vous en éprouvez le besoin.</span></span></span></p>
<p><span style="color: #000000;"><span style="font-family: Calibri, serif;"><span style="font-size: large;"><i><b>Cordialement</b></i></span></span></span></p>
<p><i><b>Henri<br />
Laurent</b></i></p>

<p>Lundi 6 juin de 9h30 à12h00. Je vous propose pour tous ceux qui sont intéressés et qui le peuvent, de participer à une découverte du tir en parcours, sur notre terrain d’entrainement au chemin des étroits. Pour y participer il &hellip; <a href="https://tacarc.org/info/event/entrainement-parcours-6-juin-2022/">Continuer la lecture <span class="meta-nav">&rarr;</span></a></p>
