
{"id":2551,"date":"2021-07-16T11:03:39","date_gmt":"2021-07-16T09:03:39","guid":{"rendered":"https:\/\/tacarc.org\/info\/?post_type=tribe_events&#038;p=2551"},"modified":"2022-06-20T15:29:58","modified_gmt":"2022-06-20T13:29:58","slug":"assemblee-generale-09-09-2021-tac","status":"publish","type":"tribe_events","link":"https:\/\/tacarc.org\/info\/event\/assemblee-generale-09-09-2021-tac\/","title":{"rendered":"Assembl\u00e9e g\u00e9n\u00e9rale 09\/09\/2021 TAC"},"content":{"rendered":"<div id=\"ez-toc-container\" class=\"ez-toc-v2_0_80 counter-hierarchy ez-toc-counter ez-toc-grey ez-toc-container-direction\">\n<div class=\"ez-toc-title-container\">\n<p class=\"ez-toc-title\" style=\"cursor:inherit\">Sommaire<\/p>\n<span class=\"ez-toc-title-toggle\"><a href=\"#\" class=\"ez-toc-pull-right ez-toc-btn ez-toc-btn-xs ez-toc-btn-default ez-toc-toggle\" aria-label=\"Toggle Table of Content\"><span class=\"ez-toc-js-icon-con\"><span class=\"\"><span class=\"eztoc-hide\" style=\"display:none;\">Toggle<\/span><span class=\"ez-toc-icon-toggle-span\"><svg style=\"fill: #999;color:#999\" xmlns=\"http:\/\/www.w3.org\/2000\/svg\" class=\"list-377408\" width=\"20px\" height=\"20px\" viewBox=\"0 0 24 24\" fill=\"none\"><path d=\"M6 6H4v2h2V6zm14 0H8v2h12V6zM4 11h2v2H4v-2zm16 0H8v2h12v-2zM4 16h2v2H4v-2zm16 0H8v2h12v-2z\" fill=\"currentColor\"><\/path><\/svg><svg style=\"fill: #999;color:#999\" class=\"arrow-unsorted-368013\" xmlns=\"http:\/\/www.w3.org\/2000\/svg\" width=\"10px\" height=\"10px\" viewBox=\"0 0 24 24\" version=\"1.2\" baseProfile=\"tiny\"><path d=\"M18.2 9.3l-6.2-6.3-6.2 6.3c-.2.2-.3.4-.3.7s.1.5.3.7c.2.2.4.3.7.3h11c.3 0 .5-.1.7-.3.2-.2.3-.5.3-.7s-.1-.5-.3-.7zM5.8 14.7l6.2 6.3 6.2-6.3c.2-.2.3-.5.3-.7s-.1-.5-.3-.7c-.2-.2-.4-.3-.7-.3h-11c-.3 0-.5.1-.7.3-.2.2-.3.5-.3.7s.1.5.3.7z\"\/><\/svg><\/span><\/span><\/span><\/a><\/span><\/div>\n<nav><ul class='ez-toc-list ez-toc-list-level-1 ' ><li class='ez-toc-page-1 ez-toc-heading-level-1'><a class=\"ez-toc-link ez-toc-heading-1\" href=\"https:\/\/tacarc.org\/info\/event\/assemblee-generale-09-09-2021-tac\/#Ordre_du_jour\" >Ordre du jour<\/a><ul class='ez-toc-list-level-2' ><li class='ez-toc-heading-level-2'><a class=\"ez-toc-link ez-toc-heading-2\" href=\"https:\/\/tacarc.org\/info\/event\/assemblee-generale-09-09-2021-tac\/#Confirmez_votre_participation\" >Confirmez votre participation<\/a><\/li><li class='ez-toc-page-1 ez-toc-heading-level-2'><a class=\"ez-toc-link ez-toc-heading-3\" href=\"https:\/\/tacarc.org\/info\/event\/assemblee-generale-09-09-2021-tac\/#Procuration_en_cas_dabscence\" >Procuration en cas d&rsquo;abscence<\/a><\/li><\/ul><\/li><\/ul><\/nav><\/div>\n<p>L'assembl\u00e9e g\u00e9n\u00e9rale du club Toulouse TAC tir \u00e0 l'arc se tient le jeudi 9 septembre 19h30 \u00e0 <a href=\"https:\/\/tacarc.org\/info\/terrain-de-pech-david\/\">Pech-David<\/a>.<\/p>\n<p><a href=\"https:\/\/tacarc.org\/info\/wp-content\/uploads\/2021\/11\/AG_2021-09-09.pdf\" class=\"pdfemb-viewer\" style=\"\" data-width=\"max\" data-height=\"max\" data-toolbar=\"bottom\" data-toolbar-fixed=\"off\">AG_2021-09-09<\/a><br \/>\n<a href=\"https:\/\/tacarc.org\/info\/wp-content\/uploads\/2021\/11\/AG_2021-09-09.pdf\">PDF<\/a><\/p>\n<h1><span class=\"ez-toc-section\" id=\"Ordre_du_jour\"><\/span>Ordre du jour<span class=\"ez-toc-section-end\"><\/span><\/h1>\n<p>- le rapport annuel moral et financier du club<br \/>\n- le quitus au <a href=\"https:\/\/tacarc.org\/info\/club\/tac-gestion-du-club\/\">comit\u00e9 directeur<\/a> et bureau<br \/>\n- budget et <a href=\"https:\/\/tacarc.org\/info\/cotisations\/\">tarifs<\/a> d'adh\u00e9sion: stabilit\u00e9 des tarifs d'adh\u00e9sion pour les nouveaux adh\u00e9rents au club; pour les adh\u00e9rents ayant r\u00e9gl\u00e9 leur cotisation enti\u00e8re en 2021 et qui renouvellent leur adh\u00e9sion TAC en 2022, la part club est offerte, soit pour les adultes, une adh\u00e9sion r\u00e9duite \u00e0 68\u20ac; possibilit\u00e9 aux archers d\u00e9j\u00e0 licenci\u00e9s au CAT de prendre une licence FFTA via le TAC.<br \/>\n- d\u00e9veloppement du club, questions diverses:<br \/>\norganisation des s\u00e9ances d'initiation du mardi; disponibilit\u00e9 pour les permanences: Pierre<br \/>\nprojet d'installation de cibles suppl\u00e9mentaires semi-mobiles \u00e0 Pech-David<br \/>\nconcours en salle dans le gymnase Gironis 13-14 novembre 2021<\/p>\n<h2><span class=\"ez-toc-section\" id=\"Confirmez_votre_participation\"><\/span>Confirmez votre participation<span class=\"ez-toc-section-end\"><\/span><\/h2>\n<p><a href=\"https:\/\/doodle.com\/poll\/83ckv6kbfwzzs9nk?utm_source=poll&amp;utm_medium=link\">cliquer ici Doodle<\/a><\/p>\n<h2><span class=\"ez-toc-section\" id=\"Procuration_en_cas_dabscence\"><\/span>Procuration en cas d&rsquo;abscence<span class=\"ez-toc-section-end\"><\/span><\/h2>\n<p>Si vous \u00eatre un adh\u00e9rent \u00e2g\u00e9 de plus de 16 ans et que vous ne pouvez participer \u00e0 cette assembl\u00e9e g\u00e9n\u00e9rale, donnez une procuration \u00e0 une personne pr\u00e9sente en l'envoyant sur contact@tacarc.org;\u00a0 t\u00e9l\u00e9charger\u00a0 <a href=\"https:\/\/tacarc.org\/info\/wp-content\/uploads\/2021\/09\/tac_procuration_AG2021.doc\">tac_procuration_AG2021.doc<\/a><\/p>\n<p>Bonnes fl\u00e8ches,<br \/>\nPierre PERUZZETTO<br \/>\nPr\u00e9sident du Toulouse TAC<\/p>\n<p><a href=\"https:\/\/tacarc.org\/info\/wp-content\/uploads\/2021\/09\/20210831_revenus_depenses.pdf\" class=\"pdfemb-viewer\" style=\"\" data-width=\"max\" data-height=\"max\" data-toolbar=\"bottom\" data-toolbar-fixed=\"off\">20210831_revenus_depenses<\/a><br \/>\n<a href=\"https:\/\/tacarc.org\/info\/wp-content\/uploads\/2021\/09\/20210831_revenus_depenses.pdf\">Exercice 2020-2021<\/a><\/p>\n<p><a href=\"https:\/\/tacarc.org\/info\/wp-content\/uploads\/2021\/09\/20210831_bilan.pdf\">Actifs au 31\/08\/2021<\/a><\/p>\n<p>&nbsp;<\/p>\n","protected":false},"excerpt":{"rendered":"<p>L'assembl\u00e9e g\u00e9n\u00e9rale du club Toulouse TAC tir \u00e0 l'arc se tient le jeudi 9 septembre 19h30 \u00e0 Pech-David. PDF Ordre du jour - le rapport annuel moral et financier du club - le quitus au comit\u00e9 directeur et bureau - &hellip; <a href=\"https:\/\/tacarc.org\/info\/event\/assemblee-generale-09-09-2021-tac\/\">Continuer la lecture <span class=\"meta-nav\">&rarr;<\/span><\/a><\/p>\n","protected":false},"author":2,"featured_media":0,"template":"","meta":{"_tribe_events_status":"","_tribe_events_status_reason":"","footnotes":""},"tags":[],"tribe_events_cat":[77],"class_list":["post-2551","tribe_events","type-tribe_events","status-publish","hentry","tribe_events_cat-ag","cat_ag"],"jetpack_sharing_enabled":true,"_links":{"self":[{"href":"https:\/\/tacarc.org\/info\/wp-json\/wp\/v2\/tribe_events\/2551","targetHints":{"allow":["GET"]}}],"collection":[{"href":"https:\/\/tacarc.org\/info\/wp-json\/wp\/v2\/tribe_events"}],"about":[{"href":"https:\/\/tacarc.org\/info\/wp-json\/wp\/v2\/types\/tribe_events"}],"author":[{"embeddable":true,"href":"https:\/\/tacarc.org\/info\/wp-json\/wp\/v2\/users\/2"}],"version-history":[{"count":0,"href":"https:\/\/tacarc.org\/info\/wp-json\/wp\/v2\/tribe_events\/2551\/revisions"}],"wp:attachment":[{"href":"https:\/\/tacarc.org\/info\/wp-json\/wp\/v2\/media?parent=2551"}],"wp:term":[{"taxonomy":"post_tag","embeddable":true,"href":"https:\/\/tacarc.org\/info\/wp-json\/wp\/v2\/tags?post=2551"},{"taxonomy":"tribe_events_cat","embeddable":true,"href":"https:\/\/tacarc.org\/info\/wp-json\/wp\/v2\/tribe_events_cat?post=2551"}],"curies":[{"name":"wp","href":"https:\/\/api.w.org\/{rel}","templated":true}]}}

Assemblée générale 09/09/2021 TAC

<div id="ez-toc-container" class="ez-toc-v2_0_80 counter-hierarchy ez-toc-counter ez-toc-grey ez-toc-container-direction">
<div class="ez-toc-title-container">
<p class="ez-toc-title" style="cursor:inherit">Sommaire</p>
<span class="ez-toc-title-toggle"><a href="#" class="ez-toc-pull-right ez-toc-btn ez-toc-btn-xs ez-toc-btn-default ez-toc-toggle" aria-label="Toggle Table of Content"><span class="ez-toc-js-icon-con"><span class=""><span class="eztoc-hide" style="display:none;">Toggle</span><span class="ez-toc-icon-toggle-span"><svg style="fill: #999;color:#999" xmlns="http://www.w3.org/2000/svg" class="list-377408" width="20px" height="20px" viewBox="0 0 24 24" fill="none"><path d="M6 6H4v2h2V6zm14 0H8v2h12V6zM4 11h2v2H4v-2zm16 0H8v2h12v-2zM4 16h2v2H4v-2zm16 0H8v2h12v-2z" fill="currentColor"></path></svg><svg style="fill: #999;color:#999" class="arrow-unsorted-368013" xmlns="http://www.w3.org/2000/svg" width="10px" height="10px" viewBox="0 0 24 24" version="1.2" baseProfile="tiny"><path d="M18.2 9.3l-6.2-6.3-6.2 6.3c-.2.2-.3.4-.3.7s.1.5.3.7c.2.2.4.3.7.3h11c.3 0 .5-.1.7-.3.2-.2.3-.5.3-.7s-.1-.5-.3-.7zM5.8 14.7l6.2 6.3 6.2-6.3c.2-.2.3-.5.3-.7s-.1-.5-.3-.7c-.2-.2-.4-.3-.7-.3h-11c-.3 0-.5.1-.7.3-.2.2-.3.5-.3.7s.1.5.3.7z"/></svg></span></span></span></a></span></div>
<nav><ul class='ez-toc-list ez-toc-list-level-1 ' ><li class='ez-toc-page-1 ez-toc-heading-level-1'><a class="ez-toc-link ez-toc-heading-1" href="https://tacarc.org/info/event/assemblee-generale-09-09-2021-tac/#Ordre_du_jour" >Ordre du jour</a><ul class='ez-toc-list-level-2' ><li class='ez-toc-heading-level-2'><a class="ez-toc-link ez-toc-heading-2" href="https://tacarc.org/info/event/assemblee-generale-09-09-2021-tac/#Confirmez_votre_participation" >Confirmez votre participation</a></li><li class='ez-toc-page-1 ez-toc-heading-level-2'><a class="ez-toc-link ez-toc-heading-3" href="https://tacarc.org/info/event/assemblee-generale-09-09-2021-tac/#Procuration_en_cas_dabscence" >Procuration en cas d&rsquo;abscence</a></li></ul></li></ul></nav></div>
<p>L'assemblée générale du club Toulouse TAC tir à l'arc se tient le jeudi 9 septembre 19h30 à <a href="https://tacarc.org/info/terrain-de-pech-david/">Pech-David</a>.</p>
<p><a href="https://tacarc.org/info/wp-content/uploads/2021/11/AG_2021-09-09.pdf" class="pdfemb-viewer" style="" data-width="max" data-height="max" data-toolbar="bottom" data-toolbar-fixed="off">AG_2021-09-09</a><br />
<a href="https://tacarc.org/info/wp-content/uploads/2021/11/AG_2021-09-09.pdf">PDF</a></p>
<h1><span class="ez-toc-section" id="Ordre_du_jour"></span>Ordre du jour<span class="ez-toc-section-end"></span></h1>
<p>- le rapport annuel moral et financier du club<br />
- le quitus au <a href="https://tacarc.org/info/club/tac-gestion-du-club/">comité directeur</a> et bureau<br />
- budget et <a href="https://tacarc.org/info/cotisations/">tarifs</a> d'adhésion: stabilité des tarifs d'adhésion pour les nouveaux adhérents au club; pour les adhérents ayant réglé leur cotisation entière en 2021 et qui renouvellent leur adhésion TAC en 2022, la part club est offerte, soit pour les adultes, une adhésion réduite à 68€; possibilité aux archers déjà licenciés au CAT de prendre une licence FFTA via le TAC.<br />
- développement du club, questions diverses:<br />
organisation des séances d'initiation du mardi; disponibilité pour les permanences: Pierre<br />
projet d'installation de cibles supplémentaires semi-mobiles à Pech-David<br />
concours en salle dans le gymnase Gironis 13-14 novembre 2021</p>
<h2><span class="ez-toc-section" id="Confirmez_votre_participation"></span>Confirmez votre participation<span class="ez-toc-section-end"></span></h2>
<p><a href="https://doodle.com/poll/83ckv6kbfwzzs9nk?utm_source=poll&amp;utm_medium=link">cliquer ici Doodle</a></p>
<h2><span class="ez-toc-section" id="Procuration_en_cas_dabscence"></span>Procuration en cas d&rsquo;abscence<span class="ez-toc-section-end"></span></h2>
<p>Si vous être un adhérent âgé de plus de 16 ans et que vous ne pouvez participer à cette assemblée générale, donnez une procuration à une personne présente en l'envoyant sur contact@tacarc.org;  télécharger  <a href="https://tacarc.org/info/wp-content/uploads/2021/09/tac_procuration_AG2021.doc">tac_procuration_AG2021.doc</a></p>
<p>Bonnes flèches,<br />
Pierre PERUZZETTO<br />
Président du Toulouse TAC</p>
<p><a href="https://tacarc.org/info/wp-content/uploads/2021/09/20210831_revenus_depenses.pdf" class="pdfemb-viewer" style="" data-width="max" data-height="max" data-toolbar="bottom" data-toolbar-fixed="off">20210831_revenus_depenses</a><br />
<a href="https://tacarc.org/info/wp-content/uploads/2021/09/20210831_revenus_depenses.pdf">Exercice 2020-2021</a></p>
<p><a href="https://tacarc.org/info/wp-content/uploads/2021/09/20210831_bilan.pdf">Actifs au 31/08/2021</a></p>
<p>&nbsp;</p>

<p>L'assemblée générale du club Toulouse TAC tir à l'arc se tient le jeudi 9 septembre 19h30 à Pech-David. PDF Ordre du jour - le rapport annuel moral et financier du club - le quitus au comité directeur et bureau - &hellip; <a href="https://tacarc.org/info/event/assemblee-generale-09-09-2021-tac/">Continuer la lecture <span class="meta-nav">&rarr;</span></a></p>
