
{"id":2453,"date":"2020-09-26T11:29:37","date_gmt":"2020-09-26T09:29:37","guid":{"rendered":"https:\/\/tacarc.org\/info\/?post_type=tribe_events&#038;p=2453"},"modified":"2020-09-26T11:40:23","modified_gmt":"2020-09-26T09:40:23","slug":"fermeture-du-gymnase-de-gironis-jusquau-10-octobre","status":"publish","type":"tribe_events","link":"https:\/\/tacarc.org\/info\/event\/fermeture-du-gymnase-de-gironis-jusquau-10-octobre\/","title":{"rendered":"Fermeture du gymnase de Gironis jusqu'au 10 octobre"},"content":{"rendered":"<p>Par <a href=\"https:\/\/cd31arc.fr\/tir\/covid-19-les-conditions-de-la-pratique-du-tir-a-larc\/#Mesures_en_HauteGaronne_25\/09\">arr\u00eat\u00e9 pr\u00e9fectoral<\/a> du 25\/10\/2020, le gymnase <a href=\"https:\/\/tacarc.org\/info\/gymnase-de-gironis\/\">Gironis<\/a> est ferm\u00e9 jusqu'au 10 octobre 2020.<\/p>\n","protected":false},"excerpt":{"rendered":"<p>Par arr\u00eat\u00e9 pr\u00e9fectoral du 25\/10\/2020, le gymnase Gironis est ferm\u00e9 jusqu'au 10 octobre 2020.<\/p>\n","protected":false},"author":2,"featured_media":0,"template":"","meta":{"_tribe_events_status":"","_tribe_events_status_reason":"","footnotes":""},"tags":[],"tribe_events_cat":[],"class_list":["post-2453","tribe_events","type-tribe_events","status-publish","hentry"],"jetpack_sharing_enabled":true,"_links":{"self":[{"href":"https:\/\/tacarc.org\/info\/wp-json\/wp\/v2\/tribe_events\/2453","targetHints":{"allow":["GET"]}}],"collection":[{"href":"https:\/\/tacarc.org\/info\/wp-json\/wp\/v2\/tribe_events"}],"about":[{"href":"https:\/\/tacarc.org\/info\/wp-json\/wp\/v2\/types\/tribe_events"}],"author":[{"embeddable":true,"href":"https:\/\/tacarc.org\/info\/wp-json\/wp\/v2\/users\/2"}],"version-history":[{"count":0,"href":"https:\/\/tacarc.org\/info\/wp-json\/wp\/v2\/tribe_events\/2453\/revisions"}],"wp:attachment":[{"href":"https:\/\/tacarc.org\/info\/wp-json\/wp\/v2\/media?parent=2453"}],"wp:term":[{"taxonomy":"post_tag","embeddable":true,"href":"https:\/\/tacarc.org\/info\/wp-json\/wp\/v2\/tags?post=2453"},{"taxonomy":"tribe_events_cat","embeddable":true,"href":"https:\/\/tacarc.org\/info\/wp-json\/wp\/v2\/tribe_events_cat?post=2453"}],"curies":[{"name":"wp","href":"https:\/\/api.w.org\/{rel}","templated":true}]}}

<p>Par <a href="https://cd31arc.fr/tir/covid-19-les-conditions-de-la-pratique-du-tir-a-larc/#Mesures_en_HauteGaronne_25/09">arrêté préfectoral</a> du 25/10/2020, le gymnase <a href="https://tacarc.org/info/gymnase-de-gironis/">Gironis</a> est fermé jusqu'au 10 octobre 2020.</p>

<p>Par arrêté préfectoral du 25/10/2020, le gymnase Gironis est fermé jusqu'au 10 octobre 2020.</p>
