
{"id":461,"date":"2013-02-20T17:53:42","date_gmt":"2013-02-20T16:53:42","guid":{"rendered":"http:\/\/tacarc.org\/info\/?page_id=461"},"modified":"2020-09-07T16:14:32","modified_gmt":"2020-09-07T14:14:32","slug":"arbitrage","status":"publish","type":"page","link":"https:\/\/tacarc.org\/info\/arbitrage\/","title":{"rendered":"S\u00e9curit\u00e9 - Arbitrage"},"content":{"rendered":"<div id=\"ez-toc-container\" class=\"ez-toc-v2_0_80 counter-hierarchy ez-toc-counter ez-toc-grey ez-toc-container-direction\">\n<div class=\"ez-toc-title-container\">\n<p class=\"ez-toc-title\" style=\"cursor:inherit\">Sommaire<\/p>\n<span class=\"ez-toc-title-toggle\"><a href=\"#\" class=\"ez-toc-pull-right ez-toc-btn ez-toc-btn-xs ez-toc-btn-default ez-toc-toggle\" aria-label=\"Toggle Table of Content\"><span class=\"ez-toc-js-icon-con\"><span class=\"\"><span class=\"eztoc-hide\" style=\"display:none;\">Toggle<\/span><span class=\"ez-toc-icon-toggle-span\"><svg style=\"fill: #999;color:#999\" xmlns=\"http:\/\/www.w3.org\/2000\/svg\" class=\"list-377408\" width=\"20px\" height=\"20px\" viewBox=\"0 0 24 24\" fill=\"none\"><path d=\"M6 6H4v2h2V6zm14 0H8v2h12V6zM4 11h2v2H4v-2zm16 0H8v2h12v-2zM4 16h2v2H4v-2zm16 0H8v2h12v-2z\" fill=\"currentColor\"><\/path><\/svg><svg style=\"fill: #999;color:#999\" class=\"arrow-unsorted-368013\" xmlns=\"http:\/\/www.w3.org\/2000\/svg\" width=\"10px\" height=\"10px\" viewBox=\"0 0 24 24\" version=\"1.2\" baseProfile=\"tiny\"><path d=\"M18.2 9.3l-6.2-6.3-6.2 6.3c-.2.2-.3.4-.3.7s.1.5.3.7c.2.2.4.3.7.3h11c.3 0 .5-.1.7-.3.2-.2.3-.5.3-.7s-.1-.5-.3-.7zM5.8 14.7l6.2 6.3 6.2-6.3c.2-.2.3-.5.3-.7s-.1-.5-.3-.7c-.2-.2-.4-.3-.7-.3h-11c-.3 0-.5.1-.7.3-.2.2-.3.5-.3.7s.1.5.3.7z\"\/><\/svg><\/span><\/span><\/span><\/a><\/span><\/div>\n<nav><ul class='ez-toc-list ez-toc-list-level-1 ' ><li class='ez-toc-page-1 ez-toc-heading-level-3'><a class=\"ez-toc-link ez-toc-heading-1\" href=\"https:\/\/tacarc.org\/info\/archerie-conseils\/#Conseils_a_suivre\" >Conseils \u00e0 suivre<\/a><ul class='ez-toc-list-level-4' ><li class='ez-toc-heading-level-4'><a class=\"ez-toc-link ez-toc-heading-2\" href=\"https:\/\/tacarc.org\/info\/archerie-conseils\/#preconisations_FFTA\" >pr\u00e9conisations FFTA<\/a><\/li><li class='ez-toc-page-1 ez-toc-heading-level-4'><a class=\"ez-toc-link ez-toc-heading-3\" href=\"https:\/\/tacarc.org\/info\/archerie-conseils\/#Conseils_divers\" >Conseils divers<\/a><\/li><\/ul><\/li><li class='ez-toc-page-1 ez-toc-heading-level-3'><a class=\"ez-toc-link ez-toc-heading-4\" href=\"https:\/\/tacarc.org\/info\/archerie-conseils\/#_Conseils_a_ne_pas_suivre\" >\u00a0Conseils \u00e0 ne pas suivre<\/a><\/li><li class='ez-toc-page-1 ez-toc-heading-level-3'><a class=\"ez-toc-link ez-toc-heading-5\" href=\"https:\/\/tacarc.org\/info\/archerie-conseils\/#Initiation\" >Initiation<\/a><\/li><li class='ez-toc-page-1 ez-toc-heading-level-3'><a class=\"ez-toc-link ez-toc-heading-6\" href=\"https:\/\/tacarc.org\/info\/archerie-conseils\/#Articles_sur_le_materiel\" >Articles sur le mat\u00e9riel<\/a><\/li><\/ul><\/nav><\/div>\n<h1><a href=\"https:\/\/www.ffta.fr\/vie-sportive\/larbitrage\/reglements-sportifs-et-arbitrage\">R\u00e8gles d'arbitrage<\/a> de la F\u00e9d\u00e9ration Fran\u00e7aise de Tir \u00e0 L'Arc (<a title=\"Le Manuel de l'Arbitre sur www.ffta.fr\" href=\"https:\/\/www.ffta.fr\/vie-sportive\/larbitrage\" target=\"_blank\" rel=\"noopener noreferrer\">FFTA<\/a>)<\/h1>\n<h2><a name=\"securite\"><\/a>S\u00e9curit\u00e9<\/h2>\n<p><a href=\"https:\/\/tacarc.org\/info\/arbitrage_salle1\/\"><img loading=\"lazy\" decoding=\"async\" class=\"size-full wp-image-2267 alignright\" src=\"https:\/\/tacarc.org\/info\/wp-content\/uploads\/2020\/09\/Arbitrage_salle1.jpg\" alt=\"\" width=\"277\" height=\"251\" \/><\/a>L'arc est une arme qui, utilis\u00e9e sans r\u00e8gle, peut \u00eatre dangereuse. La s\u00e9curit\u00e9 est avant tout le respect de l'autre. Les d\u00e9butants, jeunes ou plus \u00e2g\u00e9s, n'ont pas toujours conscience de ce danger. C'est pourquoi l'arbitre doit toujours se montrer tr\u00e8s vigilant, surtout quand il est amen\u00e9 \u00e0 diriger des concours avec de jeunes<\/p>\n<h3>Avant le concours<\/h3>\n<ul>\n<li>rappeler les r\u00e8gles essentielles de s\u00e9curit\u00e9 ;<\/li>\n<li>si l'archer n'est pas sur la ligne de tir, il ne peut pas bander son arc, m\u00eame sans fl\u00e8che ;<\/li>\n<li>l'archer ne peut se rendre sur la ligne de tir que s'il n'y a personne devant les cibles ou sur les c\u00f4t\u00e9s ;<\/li>\n<li>ne pas se d\u00e9placer avec des fl\u00e8ches \u00e0 la main. Les fl\u00e8ches doivent toujours se trouver dans le carquois ;<\/li>\n<li>ne pas courir dans la zone des arcs pour ne pas risquer de casser du mat\u00e9riel ;<\/li>\n<li>ne pas \"jouer\" avec les fl\u00e8ches ;<\/li>\n<li>ne pas braquer son arc, m\u00eame sans fl\u00e8che, sur une autre personne ;<\/li>\n<li>expliquer \u00e0 nouveau aux enfants la signification des coups de sifflet (ou de klaxon) que l'arbitre donnera pendant la comp\u00e9tition. Les avertir qu'ils seront s\u00e9v\u00e8rement sanctionn\u00e9s s'ils ne les respectent pas :<\/li>\n<\/ul>\n<ul>\n<li style=\"list-style-type: none;\">\n<ol>\n<li>- 2 coups de sifflet : les archers peuvent aller sur la ligne de tir<\/li>\n<li>- 1 coup de sifflet : le tir commence<\/li>\n<li>- 3 coups de sifflet : on peut aller aux cibles pour marquer les points<\/li>\n<li>- 5 coups de sifflet, ou plus : arr\u00eater imm\u00e9diatement le tir car il y a un danger ou un incident grave<\/li>\n<\/ol>\n<\/li>\n<\/ul>\n<ul>\n<li>\u00eatre particuli\u00e8rement vigilant lors de l'entra\u00eenement : c'est le moment o\u00f9 on constate le plus d'indiscipline et o\u00f9 peuvent arriver des accidents ;<\/li>\n<li>demander l'aide de plusieurs adultes \u00e0 qui l'arbitre expliquera pr\u00e9cis\u00e9ment ce que l'on attend d'eux.\n<ul>\n<li>- y a-t-il suffisamment de cibles pour tirer en toute s\u00e9curit\u00e9 ?<\/li>\n<li>- y a-t-il suffisamment d'adultes comp\u00e9tents pour surveiller l'entra\u00eenement ?<\/li>\n<li>- surveiller le retrait des fl\u00e8ches des cibles : grand danger !!<\/li>\n<\/ul>\n<\/li>\n<li>\u2022 au moindre doute sur la s\u00e9curit\u00e9, demander \u00e0 l'organisateur de rectifier la situation et informer imm\u00e9diatement l'arbitre adulte (s'il y en a un).<\/li>\n<\/ul>\n<h3>Pendant le concours<\/h3>\n<ul>\n<li>seuls les archers dont c'est le tour de tirer peuvent se trouver sur la ligne de tir. Les autres doivent rester, sagement, derri\u00e8re la ligne d'attente ;<\/li>\n<li>on n'a pas le droit de lever son bras d'arc avant le signal de d\u00e9but du tir (1 coup de sifflet) ;<\/li>\n<li>on ne peut viser que vers les cibles ;<\/li>\n<li>d\u00e8s que l'on a termin\u00e9 son tir, revenir avec l'arc derri\u00e8re la ligne d'attente, en faisant attention de ne pas g\u00eaner ceux qui sont encore en train de tirer ;<\/li>\n<li>se rendre aux cibles sans courir ;<\/li>\n<li>placer les feuilles de marque \u00e0 au moins 2 m\u00e8tres devant les cibles ;<\/li>\n<li>faire attention aux autres quand on retire les fl\u00e8ches de la cible.<\/li>\n<\/ul>\n<p>&nbsp;<\/p>\n<h2><a name=\"materiel\"><\/a>Mat\u00e9riel<\/h2>\n<p>Le contr\u00f4le du mat\u00e9riel a lieu avant les fl\u00e8ches d'entra\u00eenement ou d'essai.<\/p>\n<p>Que doivent contr\u00f4ler les arbitres ?<\/p>\n<h4>1. L\u2019arc<\/h4>\n<ul>\n<li>- La branche du haut ne doit pas avoir de marque ou d'inscription. Seule la marque d'origine du fabricant<\/li>\n<li>est autoris\u00e9e.<\/li>\n<li>- Le klicker (ou contr\u00f4leur d'allonge) peut \u00eatre sonore et\/ou visuel, mais non \u00e9lectrique ou \u00e9lectronique. Le<\/li>\n<li>double klicker est interdit.<\/li>\n<li>- Les protections de branches sont autoris\u00e9es.<\/li>\n<\/ul>\n<h4>2. Le Viseur<\/h4>\n<ul>\n<li>- Il ne peut pas y avoir plus d'un syst\u00e8me vis\u00e9e. Le point de vis\u00e9e peut \u00eatre une fibre optique.<\/li>\n<li>- Il peut \u00eatre r\u00e9gl\u00e9 lat\u00e9ralement et verticalement.<\/li>\n<li>- Pour les arcs classiques (ou recurve), il ne comportera pas de prisme, de lentille, de verre grossissant, ni<\/li>\n<li>d'appareil \u00e9lectrique ou \u00e9lectronique.<\/li>\n<li>- Pour les arcs \u00e0 poulies (ou compound), prisme, lentille ou verre grossissant sont autoris\u00e9s, de m\u00eame<\/li>\n<li>qu'un niveau. Les appareils \u00e9lectriques ou \u00e9lectroniques sont interdits.<\/li>\n<\/ul>\n<h4>3. La Corde<\/h4>\n<ul>\n<li>- La hauteur du tranche fil ne doit pas arriver au niveau de l'oeil quand l'archer est en vis\u00e9e<\/li>\n<li>- La corde ne doit pas avoir de syst\u00e8me permettant une aide \u00e0 la vis\u00e9e.<\/li>\n<li>- Les sucettes et les nasettes sont autoris\u00e9es.<\/li>\n<\/ul>\n<h4>4. Les Fl\u00e8ches<\/h4>\n<ul>\n<li>- Lors du tir d'une vol\u00e9e, les fl\u00e8ches doivent \u00eatre identiques (couleur des tubes, des plumes; de l'encoche,<\/li>\n<li>m\u00eame calibre, m\u00eame d\u00e9corations).<\/li>\n<li>- Elles doivent porter, sur le tube, le nom ou les initiales du tireur de mani\u00e8re visible et peuvent \u00eatre<\/li>\n<li>num\u00e9rot\u00e9es.<\/li>\n<\/ul>\n<h4>5. Les Stabilisateurs<\/h4>\n<ul>\n<li>- Leur nombre n'est pas limit\u00e9.<\/li>\n<li>- Ils ne doivent pas g\u00eaner les concurrents les plus proches.<\/li>\n<li>- Ils ne doivent pas toucher autre chose que l'arc.<\/li>\n<\/ul>\n<h4>6. Les protections pour les doigts<\/h4>\n<ul>\n<li>Ce sont les palettes, les doigtiers, les gants : ces protections ne doivent pas poss\u00e9der un objet destin\u00e9 \u00e0 tenir, tendre la corde ou l\u00e2cher la corde.<\/li>\n<li>Pour les arcs \u00e0 poulies, les d\u00e9cocheurs sont autoris\u00e9s.<\/li>\n<\/ul>\n<h4>7. Divers<\/h4>\n<ul>\n<li>- Les marques, pour les pieds, sur la ligne de tir sont autoris\u00e9es, mais elles ne doivent pas d\u00e9passer du sol de plus de 1cm.<\/li>\n<li>- Tout appareil \u00e9lectrique ou \u00e9lectronique de communication, les t\u00e9l\u00e9phones cellulaires ou les casques d'\u00e9coute sont interdits devant la ligne d'attente.<\/li>\n<li>- Avant le tir, faire \u00e9teindre les t\u00e9l\u00e9phones cellulaires (adultes et enfants).<\/li>\n<\/ul>\n<h2><a name=\"disposition\"><\/a>Comp\u00e9titions en Occitanie<\/h2>\n<h3>Tir en <a href=\"https:\/\/arc-occitanie.fr\/competitions\/salle\/\">salle<\/a><\/h3>\n<h3 style=\"padding-left: 40px;\">memento de la <a title=\"m\u00e9mento PDF de l'archer pour la comp\u00e9tition en salle (Marine)\" href=\"http:\/\/www.tacarc.org\/doc\/preparation-competition-en-salle.pdf\" target=\"_blank\" rel=\"noopener noreferrer\">pr\u00e9paration de la comp\u00e9tition en salle<\/a><\/h3>\n<p>Tir ext\u00e9rieur <a href=\"https:\/\/arc-occitanie.fr\/competitions\/fita\/\">international<\/a> et <a href=\"https:\/\/arc-occitanie.fr\/competitions\/federal\/\">national<\/a><\/p>\n<p>tir en <a href=\"https:\/\/arc-occitanie.fr\/competitions\/campagne\/\">campagne<\/a><\/p>\n<p>tir <a href=\"https:\/\/arc-occitanie.fr\/competitions\/3d\/\">3D<\/a><\/p>\n<p>tir <a href=\"https:\/\/arc-occitanie.fr\/competitions\/nature\/\">nature<\/a><\/p>\n<p><a href=\"https:\/\/arc-occitanie.fr\/competitions\/run-archery\/\">Run Archery<\/a><\/p>\n<h3>Pr\u00e9sentation des r\u00e8gles d'arbitrage pour les archers:<\/h3>\n<p title=\"s\u00e9curit\u00e9 lors d'un concours\"><ul><li><a href='https:\/\/tacarc.org\/info\/sante-et-tir-a-larc-dopage\/'>Sant\u00e9 et Tir \u00e0 l'arc, dopage<\/a><\/li><li><a href='https:\/\/tacarc.org\/info\/conformite-du-materiel\/'>Conformit\u00e9 du mat\u00e9riel<\/a><\/li><li><a href='https:\/\/tacarc.org\/info\/securite-lors-dun-concours\/'>s\u00e9curit\u00e9 lors d'un concours<\/a><\/li><li><a href='https:\/\/tacarc.org\/info\/concours-ffta\/'>Concours FFTA<\/a><\/li><li><a href='https:\/\/tacarc.org\/info\/arbitre-ffta\/'>Arbitre FFTA<\/a><\/li><li><a href='https:\/\/tacarc.org\/info\/archerie-conseils\/'>Archerie: conseils FFTA et \u00e9cole de tir<\/a><\/li><\/ul><\/p>\n<p>&nbsp;<\/p>\n","protected":false},"excerpt":{"rendered":"<p>R\u00e8gles d'arbitrage de la F\u00e9d\u00e9ration Fran\u00e7aise de Tir \u00e0 L'Arc (FFTA) S\u00e9curit\u00e9 L'arc est une arme qui, utilis\u00e9e sans r\u00e8gle, peut \u00eatre dangereuse. La s\u00e9curit\u00e9 est avant tout le respect de l'autre. Les d\u00e9butants, jeunes ou plus \u00e2g\u00e9s, n'ont pas &hellip; <a href=\"https:\/\/tacarc.org\/info\/liens-utiles\/\">Continuer la lecture <span class=\"meta-nav\">&rarr;<\/span><\/a><\/p>\n","protected":false},"author":2,"featured_media":849,"parent":0,"menu_order":4,"comment_status":"closed","ping_status":"closed","template":"","meta":{"footnotes":""},"class_list":["post-461","page","type-page","status-publish","has-post-thumbnail","hentry"],"jetpack_sharing_enabled":true,"_links":{"self":[{"href":"https:\/\/tacarc.org\/info\/wp-json\/wp\/v2\/pages\/461","targetHints":{"allow":["GET"]}}],"collection":[{"href":"https:\/\/tacarc.org\/info\/wp-json\/wp\/v2\/pages"}],"about":[{"href":"https:\/\/tacarc.org\/info\/wp-json\/wp\/v2\/types\/page"}],"author":[{"embeddable":true,"href":"https:\/\/tacarc.org\/info\/wp-json\/wp\/v2\/users\/2"}],"replies":[{"embeddable":true,"href":"https:\/\/tacarc.org\/info\/wp-json\/wp\/v2\/comments?post=461"}],"version-history":[{"count":0,"href":"https:\/\/tacarc.org\/info\/wp-json\/wp\/v2\/pages\/461\/revisions"}],"wp:featuredmedia":[{"embeddable":true,"href":"https:\/\/tacarc.org\/info\/wp-json\/wp\/v2\/media\/849"}],"wp:attachment":[{"href":"https:\/\/tacarc.org\/info\/wp-json\/wp\/v2\/media?parent=461"}],"curies":[{"name":"wp","href":"https:\/\/api.w.org\/{rel}","templated":true}]}}