
{"id":2371,"date":"2020-09-14T12:47:42","date_gmt":"2020-09-14T10:47:42","guid":{"rendered":"https:\/\/tacarc.org\/info\/?page_id=2371"},"modified":"2025-09-10T12:12:38","modified_gmt":"2025-09-10T10:12:38","slug":"inscription","status":"publish","type":"page","link":"https:\/\/tacarc.org\/info\/inscription\/","title":{"rendered":"Inscription"},"content":{"rendered":"<p><a href=\"https:\/\/tacarc.org\/info\/accueil\/tac_logo2013_blanc_gris\/\" rel=\"attachment wp-att-1810\"><img loading=\"lazy\" decoding=\"async\" class=\" wp-image-1810 alignright\" src=\"https:\/\/tacarc.org\/info\/wp-content\/uploads\/2016\/10\/TAC_logo2013_blanc_gris.bmp\" alt=\"\" width=\"79\" height=\"72\" \/><\/a>Pr\u00e9-inscription pour une adh\u00e9sion au Toulouse TAC tir \u00e0 l'arc.<br \/>\nL'inscription sera effective apr\u00e8s paiement et transmission des <a href=\"https:\/\/tacarc.org\/info\/cotisations\/\">documents requis<\/a>.<\/p>\n<div class=\"frm_forms  with_frm_style frm_style_style-formidable\" id=\"frm_form_3_container\" >\n<form enctype=\"multipart\/form-data\" method=\"post\" class=\"frm-show-form \" id=\"form_contact-formda0ab15540e17b884b68\" >\n<div class=\"frm_form_fields \">\n<fieldset>\n<legend class=\"frm_screen_reader\">Inscription TAC ARC adh\u00e9rent<\/legend>\r\n\r\n<div class=\"frm_fields_container\">\n<input type=\"hidden\" name=\"frm_action\" value=\"create\" \/>\n<input type=\"hidden\" name=\"form_id\" value=\"3\" \/>\n<input type=\"hidden\" name=\"frm_hide_fields_3\" id=\"frm_hide_fields_3\" value=\"\" \/>\n<input type=\"hidden\" name=\"form_key\" value=\"contact-formda0ab15540e17b884b68\" \/>\n<input type=\"hidden\" name=\"item_meta[0]\" value=\"\" \/>\n<input type=\"hidden\" id=\"frm_submit_entry_3\" name=\"frm_submit_entry_3\" value=\"a064288ad2\" \/><input type=\"hidden\" name=\"_wp_http_referer\" value=\"\/info\/wp-json\/wp\/v2\/pages\/2371\" \/><div id=\"frm_field_27_container\" class=\"frm_form_field form-field  frm_required_field frm_top_container frm_half\">\r\n    <label for=\"field_qh4icy469a2be6f061c3663bd8\" id=\"field_qh4icy469a2be6f061c3663bd8_label\" class=\"frm_primary_label\">Nom d'usage\r\n        <span class=\"frm_required\">*<\/span>\r\n    <\/label>\r\n    <input type=\"text\" id=\"field_qh4icy469a2be6f061c3663bd8\" name=\"item_meta[27]\" value=\"\"  placeholder=\"Nom sur la licence FFTA\" data-reqmsg=\"Ce champ ne peut pas \u00eatre vide\" aria-required=\"true\" data-invmsg=\"Name est non valide\" aria-invalid=\"false\"   aria-describedby=\"frm_desc_field_qh4icy469a2be6f061c3663bd8\"\/>\r\n    <div class=\"frm_description\" id=\"frm_desc_field_qh4icy469a2be6f061c3663bd8\">entrez votre nom d'usage (ex: nom d'\u00e9pouse) requis FFTA<\/div>\r\n    \r\n<\/div>\n<div id=\"frm_field_40_container\" class=\"frm_form_field form-field  frm_required_field frm_top_container frm_third  frm6\">\r\n    <label for=\"field_dexez\" id=\"field_dexez_label\" class=\"frm_primary_label\">Nom de naissance\r\n        <span class=\"frm_required\">*<\/span>\r\n    <\/label>\r\n    <input type=\"text\" id=\"field_dexez\" name=\"item_meta[40]\" value=\"\"  data-reqmsg=\"Ce champ ne peut pas \u00eatre vide\" aria-required=\"true\" data-invmsg=\"Name est non valide\" aria-invalid=\"false\"   aria-describedby=\"frm_desc_field_dexez\"\/>\r\n    <div class=\"frm_description\" id=\"frm_desc_field_dexez\">entrez votre nom de naissance (ex: nom de jeune fille)<\/div>\r\n    \r\n<\/div>\n<div id=\"frm_field_28_container\" class=\"frm_form_field form-field  frm_required_field frm_top_container frm6 frm_first\">\r\n    <label for=\"field_z2qec25a32c91f339c9687330\" id=\"field_z2qec25a32c91f339c9687330_label\" class=\"frm_primary_label\">Pr\u00e9nom\r\n        <span class=\"frm_required\">*<\/span>\r\n    <\/label>\r\n    <input type=\"text\" id=\"field_z2qec25a32c91f339c9687330\" name=\"item_meta[28]\" value=\"\"  placeholder=\"Pr\u00e9nom sur la licence FFTA\" data-reqmsg=\"Ce champ ne peut pas \u00eatre vide\" aria-required=\"true\" data-invmsg=\"Name est non valide\" aria-invalid=\"false\"   aria-describedby=\"frm_desc_field_z2qec25a32c91f339c9687330\"\/>\r\n    <div class=\"frm_description\" id=\"frm_desc_field_z2qec25a32c91f339c9687330\">entrez votre pr\u00e9nom (requis FFTA)<\/div>\r\n    \r\n<\/div>\n<div id=\"frm_field_38_container\" class=\"frm_form_field form-field  frm_required_field frm_top_container frm6\">\r\n    <label for=\"field_271nu\" id=\"field_271nu_label\" class=\"frm_primary_label\">sexe\r\n        <span class=\"frm_required\">*<\/span>\r\n    <\/label>\r\n    \t\t<select name=\"item_meta[38]\" id=\"field_271nu\"  data-reqmsg=\"Ce champ ne peut pas \u00eatre vide\" aria-required=\"true\" data-invmsg=\"sexe est non valide\" class=\"auto_width\" aria-invalid=\"false\"  >\n\t\t<option  value=\"f\u00e9minin\">f\u00e9minin<\/option><option  value=\"masculin\">masculin<\/option>\t<\/select>\n\t\r\n    <div class=\"frm_description\" id=\"frm_desc_field_271nu\">(requis FFTA)<\/div>\r\n    \r\n<\/div>\n<div id=\"frm_field_39_container\" class=\"frm_form_field form-field  frm_required_field frm_top_container frm_half\">\r\n    <label for=\"field_sdckb\" id=\"field_sdckb_label\" class=\"frm_primary_label\">Date de naissance\r\n        <span class=\"frm_required\">*<\/span>\r\n    <\/label>\r\n    <input type=\"text\" id=\"field_sdckb\" name=\"item_meta[39]\" value=\"\"  data-reqmsg=\"Ce champ ne peut pas \u00eatre vide\" aria-required=\"true\" data-invmsg=\"texte est non valide\" aria-invalid=\"false\"   aria-describedby=\"frm_desc_field_sdckb\"\/>\r\n    <div class=\"frm_description\" id=\"frm_desc_field_sdckb\">date de naissance JJ\/MM\/AAAA (requis FFTA)<\/div>\r\n    \r\n<\/div>\n<div id=\"frm_field_29_container\" class=\"frm_form_field form-field  frm_required_field frm_top_container frm_third\">\r\n    <label for=\"field_6e9f10bfbf0a0d9\" id=\"field_6e9f10bfbf0a0d9_label\" class=\"frm_primary_label\">Nationalit\u00e9\r\n        <span class=\"frm_required\">*<\/span>\r\n    <\/label>\r\n    <input type=\"text\" id=\"field_6e9f10bfbf0a0d9\" name=\"item_meta[29]\" value=\"\"  placeholder=\"votre pays de nationalit\u00e9\" data-reqmsg=\"Ce champ ne peut pas \u00eatre vide\" aria-required=\"true\" data-invmsg=\"texte est non valide\" aria-invalid=\"false\"   aria-describedby=\"frm_desc_field_6e9f10bfbf0a0d9\"\/>\r\n    <div class=\"frm_description\" id=\"frm_desc_field_6e9f10bfbf0a0d9\">Votre pays de nationalit\u00e9 (France,...)  (requis FFTA)<\/div>\r\n    \r\n<\/div>\n<div id=\"frm_field_43_container\" class=\"frm_form_field form-field  frm_required_field frm_top_container frm_third\">\r\n    <label for=\"field_3pzfn\" id=\"field_3pzfn_label\" class=\"frm_primary_label\">Pays de naissance\r\n        <span class=\"frm_required\">*<\/span>\r\n    <\/label>\r\n    <input type=\"text\" id=\"field_3pzfn\" name=\"item_meta[43]\" value=\"\"  data-reqmsg=\"Ce champ ne peut pas \u00eatre vide\" aria-required=\"true\" data-invmsg=\"texte est non valide\" aria-invalid=\"false\"   aria-describedby=\"frm_desc_field_3pzfn\"\/>\r\n    <div class=\"frm_description\" id=\"frm_desc_field_3pzfn\">Votre pays de naissance (France,...)  (requis FFTA)<\/div>\r\n    \r\n<\/div>\n<div id=\"frm_field_44_container\" class=\"frm_form_field form-field  frm_top_container frm_third\">\r\n    <label for=\"field_d36lr\" id=\"field_d36lr_label\" class=\"frm_primary_label\">D\u00e9partement de naissance\r\n        <span class=\"frm_required\"><\/span>\r\n    <\/label>\r\n    <input type=\"text\" id=\"field_d36lr\" name=\"item_meta[44]\" value=\"\"  data-invmsg=\"texte est non valide\" aria-invalid=\"false\"   aria-describedby=\"frm_desc_field_d36lr\"\/>\r\n    <div class=\"frm_description\" id=\"frm_desc_field_d36lr\">D\u00e9partement de naissance (pour gestionnaire sportif)<\/div>\r\n    \r\n<\/div>\n<div id=\"frm_field_45_container\" class=\"frm_form_field form-field  frm_top_container frm_third\">\r\n    <label for=\"field_zdhxo\" id=\"field_zdhxo_label\" class=\"frm_primary_label\">Ville de naissance\r\n        <span class=\"frm_required\"><\/span>\r\n    <\/label>\r\n    <input type=\"text\" id=\"field_zdhxo\" name=\"item_meta[45]\" value=\"\"  data-invmsg=\"texte est non valide\" aria-invalid=\"false\"   aria-describedby=\"frm_desc_field_zdhxo\"\/>\r\n    <div class=\"frm_description\" id=\"frm_desc_field_zdhxo\">Commune de naissance (pour gestionnaire sportif)<\/div>\r\n    \r\n<\/div>\n<div id=\"frm_field_42_container\" class=\"frm_form_field form-field  frm_top_container frm_fourth\">\r\n    <label for=\"field_ry2uw\" id=\"field_ry2uw_label\" class=\"frm_primary_label\">Num\u00e9ro de licence\r\n        <span class=\"frm_required\"><\/span>\r\n    <\/label>\r\n    <input type=\"text\" id=\"field_ry2uw\" name=\"item_meta[42]\" value=\"\"  data-invmsg=\"texte est non valide\" aria-invalid=\"false\"   aria-describedby=\"frm_desc_field_ry2uw\"\/>\r\n    <div class=\"frm_description\" id=\"frm_desc_field_ry2uw\">si vous avez d\u00e9j\u00e0 \u00e9t\u00e9 licenci\u00e9: num\u00e9ro de licence FFTA\r\n<\/div>\r\n    \r\n<\/div>\n<div id=\"frm_field_30_container\" class=\"frm_form_field form-field  frm_required_field frm_top_container\">\r\n    <label for=\"field_29yf4de85a50a7b4a4cf476798\" id=\"field_29yf4de85a50a7b4a4cf476798_label\" class=\"frm_primary_label\">Email\r\n        <span class=\"frm_required\">*<\/span>\r\n    <\/label>\r\n    <input type=\"email\" id=\"field_29yf4de85a50a7b4a4cf476798\" name=\"item_meta[30]\" value=\"\"  data-reqmsg=\"Ce champ ne peut pas \u00eatre vide\" aria-required=\"true\" data-invmsg=\"Please enter a valid email address\" aria-invalid=\"false\"  \/>\r\n    \r\n    \r\n<\/div>\n<div id=\"frm_field_51_container\" class=\"frm_form_field form-field  frm_required_field frm_top_container\">\r\n    <label for=\"field_avf7h\" id=\"field_avf7h_label\" class=\"frm_primary_label\">Adresse postale\r\n        <span class=\"frm_required\">*<\/span>\r\n    <\/label>\r\n    <textarea name=\"item_meta[51]\" id=\"field_avf7h\" rows=\"5\"  placeholder=\"Votre adresse postale incluant le code postal, la commune\" data-reqmsg=\"Ce champ ne peut pas \u00eatre vide\" aria-required=\"true\" data-invmsg=\"Adresse postale est non valide\" aria-invalid=\"false\"   aria-describedby=\"frm_desc_field_avf7h\"><\/textarea>\r\n    <div class=\"frm_description\" id=\"frm_desc_field_avf7h\">Votre adresse postale incluant le code postal, la commune<\/div>\r\n    \r\n<\/div>\n<div id=\"frm_field_54_container\" class=\"frm_form_field form-field  frm_top_container\">\r\n    <label for=\"field_ssvyg\" id=\"field_ssvyg_label\" class=\"frm_primary_label\">T\u00e9l\u00e9phone\r\n        <span class=\"frm_required\"><\/span>\r\n    <\/label>\r\n    <input type=\"text\" id=\"field_ssvyg\" name=\"item_meta[54]\" value=\"\"  data-invmsg=\"texte est non valide\" aria-invalid=\"false\"   aria-describedby=\"frm_desc_field_ssvyg\"\/>\r\n    <div class=\"frm_description\" id=\"frm_desc_field_ssvyg\">t\u00e9l\u00e9phone(s) fixe et\/ou mobile <\/div>\r\n    \r\n<\/div>\n<div id=\"frm_field_52_container\" class=\"frm_form_field form-field  frm_required_field frm_top_container\">\r\n    <label for=\"field_hidyu\" id=\"field_hidyu_label\" class=\"frm_primary_label\">Type de licence \r\n        <span class=\"frm_required\">*<\/span>\r\n    <\/label>\r\n    \t\t<select name=\"item_meta[52]\" id=\"field_hidyu\"  data-reqmsg=\"Ce champ ne peut pas \u00eatre vide\" aria-required=\"true\" data-invmsg=\"Type de licence  est non valide\" aria-invalid=\"false\"  >\n\t\t<option  value=\"Adulte, n\u00e9 avant le 01\/01\/2006\">Adulte, n\u00e9 avant le 01\/01\/2006<\/option><option  value=\"Jeune, n\u00e9 apr\u00e8s le 31\/12\/2005\">Jeune, n\u00e9 apr\u00e8s le 31\/12\/2005<\/option><option  value=\"d\u00e9j\u00e0 licenci\u00e9 UNSS\">d\u00e9j\u00e0 licenci\u00e9 UNSS<\/option><option  value=\"d\u00e9j\u00e0 licenci\u00e9 FFSU\">d\u00e9j\u00e0 licenci\u00e9 FFSU<\/option><option  value=\"d\u00e9j\u00e0 licenci\u00e9 FFSA\">d\u00e9j\u00e0 licenci\u00e9 FFSA<\/option><option  value=\"part club - d\u00e9j\u00e0 licenci\u00e9 FFTA dans un autre club pour la saison 2026\">part club - d\u00e9j\u00e0 licenci\u00e9 FFTA dans un autre club pour la saison 2026<\/option><option  value=\"Jamais licenci\u00e9 FFTA - licence d\u00e9couverte apr\u00e8s le 1er mars 2026\">Jamais licenci\u00e9 FFTA - licence d\u00e9couverte apr\u00e8s le 1er mars 2026<\/option>\t<\/select>\n\t\r\n    <div class=\"frm_description\" id=\"frm_desc_field_hidyu\">Choisissez votre type de licence ou indiquez votre appartenance \u00e0 une f\u00e9d\u00e9ration pour la saison en cours incluant la pratique du tir \u00e0 l'arc; dans ce cas transmettez une copie de votre licence.<\/div>\r\n    \r\n<\/div>\n<div id=\"frm_field_53_container\" class=\"frm_form_field form-field  frm_top_container\">\r\n    <label for=\"field_jth8i\" id=\"field_jth8i_label\" class=\"frm_primary_label\">F\u00e9d\u00e9ration, licence en cours\r\n        <span class=\"frm_required\"><\/span>\r\n    <\/label>\r\n    <input type=\"text\" id=\"field_jth8i\" name=\"item_meta[53]\" value=\"\"  data-invmsg=\"texte est non valide\" aria-invalid=\"false\"   aria-describedby=\"frm_desc_field_jth8i\"\/>\r\n    <div class=\"frm_description\" id=\"frm_desc_field_jth8i\">Uniquement si vous \u00eates d\u00e9j\u00e0 licenci\u00e9 pour la saison en cours<\/div>\r\n    \r\n<\/div>\n<div id=\"frm_field_48_container\" class=\"frm_form_field form-field  frm_top_container vertical_radio\">\r\n    <div  id=\"field_owzeb_label\" class=\"frm_primary_label\">Type d'arcs utilis\u00e9s\r\n        <span class=\"frm_required\"><\/span>\r\n    <\/div>\r\n    <div class=\"frm_opt_container\" aria-labelledby=\"field_owzeb_label\" role=\"group\">\t\t<div class=\"frm_checkbox\" id=\"frm_checkbox_48-0\">\t\t\t<label  for=\"field_owzeb-0\">\n\t\t\t<input type=\"checkbox\" name=\"item_meta[48][]\" id=\"field_owzeb-0\" value=\"Arc classique CL\"  data-invmsg=\"Type d&#039;arcs utilis\u00e9s est non valide\"   \/> Arc classique CL<\/label><\/div>\n\t\t<div class=\"frm_checkbox\" id=\"frm_checkbox_48-1\">\t\t\t<label  for=\"field_owzeb-1\">\n\t\t\t<input type=\"checkbox\" name=\"item_meta[48][]\" id=\"field_owzeb-1\" value=\"Arc \u00e0 poulies CO\"  data-invmsg=\"Type d&#039;arcs utilis\u00e9s est non valide\"   \/> Arc \u00e0 poulies CO<\/label><\/div>\n\t\t<div class=\"frm_checkbox\" id=\"frm_checkbox_48-2\">\t\t\t<label  for=\"field_owzeb-2\">\n\t\t\t<input type=\"checkbox\" name=\"item_meta[48][]\" id=\"field_owzeb-2\" value=\"Arc nu - bare bow BB\"  data-invmsg=\"Type d&#039;arcs utilis\u00e9s est non valide\"   \/> Arc nu - bare bow BB<\/label><\/div>\n\t\t<div class=\"frm_checkbox\" id=\"frm_checkbox_48-3\">\t\t\t<label  for=\"field_owzeb-3\">\n\t\t\t<input type=\"checkbox\" name=\"item_meta[48][]\" id=\"field_owzeb-3\" value=\"Arc droit - long bow AD\"  data-invmsg=\"Type d&#039;arcs utilis\u00e9s est non valide\"   \/> Arc droit - long bow AD<\/label><\/div>\n\t\t<div class=\"frm_checkbox\" id=\"frm_checkbox_48-4\">\t\t\t<label  for=\"field_owzeb-4\">\n\t\t\t<input type=\"checkbox\" name=\"item_meta[48][]\" id=\"field_owzeb-4\" value=\"Arc chasse AC\"  data-invmsg=\"Type d&#039;arcs utilis\u00e9s est non valide\"   \/> Arc chasse AC<\/label><\/div>\n<\/div>\r\n    \r\n    \r\n<\/div>\n<div id=\"frm_field_49_container\" class=\"frm_form_field form-field  frm_top_container vertical_radio\">\r\n    <div  id=\"field_n9w4n_label\" class=\"frm_primary_label\">Pratique de tir\r\n        <span class=\"frm_required\"><\/span>\r\n    <\/div>\r\n    <div class=\"frm_opt_container\" aria-labelledby=\"field_n9w4n_label\" role=\"group\">\t\t<div class=\"frm_checkbox\" id=\"frm_checkbox_49-7\">\t\t\t<label  for=\"field_n9w4n-7\">\n\t\t\t<input type=\"checkbox\" name=\"item_meta[49][]\" id=\"field_n9w4n-7\" value=\"je n&#039;ai jamais tir\u00e9 \u00e0 l&#039;arc\"  data-invmsg=\"Pratique de tir est non valide\"   \/> je n'ai jamais tir\u00e9 \u00e0 l'arc<\/label><\/div>\n\t\t<div class=\"frm_checkbox\" id=\"frm_checkbox_49-0\">\t\t\t<label  for=\"field_n9w4n-0\">\n\t\t\t<input type=\"checkbox\" name=\"item_meta[49][]\" id=\"field_n9w4n-0\" value=\"je n&#039;ai jamais pratiqu\u00e9 de comp\u00e9tition\"  data-invmsg=\"Pratique de tir est non valide\"   \/> je n'ai jamais pratiqu\u00e9 de comp\u00e9tition<\/label><\/div>\n\t\t<div class=\"frm_checkbox\" id=\"frm_checkbox_49-1\">\t\t\t<label  for=\"field_n9w4n-1\">\n\t\t\t<input type=\"checkbox\" name=\"item_meta[49][]\" id=\"field_n9w4n-1\" value=\"tir en salle\"  data-invmsg=\"Pratique de tir est non valide\"   \/> tir en salle<\/label><\/div>\n\t\t<div class=\"frm_checkbox\" id=\"frm_checkbox_49-2\">\t\t\t<label  for=\"field_n9w4n-2\">\n\t\t\t<input type=\"checkbox\" name=\"item_meta[49][]\" id=\"field_n9w4n-2\" value=\"tir ext\u00e9rieur cible anglaise\"  data-invmsg=\"Pratique de tir est non valide\"   \/> tir ext\u00e9rieur cible anglaise<\/label><\/div>\n\t\t<div class=\"frm_checkbox\" id=\"frm_checkbox_49-3\">\t\t\t<label  for=\"field_n9w4n-3\">\n\t\t\t<input type=\"checkbox\" name=\"item_meta[49][]\" id=\"field_n9w4n-3\" value=\"parcours campagne\"  data-invmsg=\"Pratique de tir est non valide\"   \/> parcours campagne<\/label><\/div>\n\t\t<div class=\"frm_checkbox\" id=\"frm_checkbox_49-4\">\t\t\t<label  for=\"field_n9w4n-4\">\n\t\t\t<input type=\"checkbox\" name=\"item_meta[49][]\" id=\"field_n9w4n-4\" value=\"parcours 3D\"  data-invmsg=\"Pratique de tir est non valide\"   \/> parcours 3D<\/label><\/div>\n\t\t<div class=\"frm_checkbox\" id=\"frm_checkbox_49-5\">\t\t\t<label  for=\"field_n9w4n-5\">\n\t\t\t<input type=\"checkbox\" name=\"item_meta[49][]\" id=\"field_n9w4n-5\" value=\"parcours nature\"  data-invmsg=\"Pratique de tir est non valide\"   \/> parcours nature<\/label><\/div>\n\t\t<div class=\"frm_checkbox\" id=\"frm_checkbox_49-6\">\t\t\t<label  for=\"field_n9w4n-6\">\n\t\t\t<input type=\"checkbox\" name=\"item_meta[49][]\" id=\"field_n9w4n-6\" value=\"Run archery\"  data-invmsg=\"Pratique de tir est non valide\"   \/> Run archery<\/label><\/div>\n<\/div>\r\n    \r\n    \r\n<\/div>\n<div id=\"frm_field_36_container\" class=\"frm_form_field form-field  frm_top_container frm_full\">\r\n    <label for=\"field_9jv0r1bda04e9e6119a9ff31ea\" id=\"field_9jv0r1bda04e9e6119a9ff31ea_label\" class=\"frm_primary_label\">Pour un mineur, liste des personnes susceptibles de venir le chercher\r\n        <span class=\"frm_required\"><\/span>\r\n    <\/label>\r\n    <textarea name=\"item_meta[36]\" id=\"field_9jv0r1bda04e9e6119a9ff31ea\" rows=\"5\"  placeholder=\"Listes des parents et\/ou tuteur.\r\nAjouter leurs adresses, t\u00e9l\u00e9phones si diff\u00e9rents de l&#039;adh\u00e9rent.\" data-invmsg=\"Pour un mineur, liste des personnes susceptibles de venir le chercher est non valide\" aria-invalid=\"false\"   aria-describedby=\"frm_desc_field_9jv0r1bda04e9e6119a9ff31ea\"><\/textarea>\r\n    <div class=\"frm_description\" id=\"frm_desc_field_9jv0r1bda04e9e6119a9ff31ea\">Listes des parents et\/ou tuteur.\r\nAjouter leurs adresses, t\u00e9l\u00e9phones si diff\u00e9rents de l'adh\u00e9rent.<\/div>\r\n    \r\n<\/div>\n<div id=\"frm_field_50_container\" class=\"frm_form_field form-field  frm_top_container frm_full\">\r\n    <label for=\"field_gibde\" id=\"field_gibde_label\" class=\"frm_primary_label\">commentaire\r\n        <span class=\"frm_required\"><\/span>\r\n    <\/label>\r\n    <textarea name=\"item_meta[50]\" id=\"field_gibde\" rows=\"5\"  data-invmsg=\"commentaire est non valide\" aria-invalid=\"false\"  ><\/textarea>\r\n    \r\n    \r\n<\/div>\n<div id=\"frm_field_58_container\" class=\"frm_form_field form-field  frm_top_container vertical_radio\">\n    <div  id=\"field_3gy8k_label\" class=\"frm_primary_label\">Souhait de participation aux entra\u00eenements encadr\u00e9s\n        <span class=\"frm_required\" aria-hidden=\"true\"><\/span>\n    <\/div>\n    <div class=\"frm_opt_container\" aria-labelledby=\"field_3gy8k_label\" role=\"group\">\t\t<div class=\"frm_checkbox\" id=\"frm_checkbox_58-1\">\t\t\t<label  for=\"field_3gy8k-1\">\n\t\t\t<input type=\"checkbox\" name=\"item_meta[58][]\" id=\"field_3gy8k-1\" value=\"d\u00e9butant jeune mardi 18h30 - COMPLET\"  data-invmsg=\"Souhait de participation aux entra\u00eenements encadr\u00e9s est non valide\"   \/> d\u00e9butant jeune mardi 18h30 - COMPLET<\/label><\/div>\n\t\t<div class=\"frm_checkbox\" id=\"frm_checkbox_58-2\">\t\t\t<label  for=\"field_3gy8k-2\">\n\t\t\t<input type=\"checkbox\" name=\"item_meta[58][]\" id=\"field_3gy8k-2\" value=\"d\u00e9butant adulte jeudi 18h30 - COMPLET\"  data-invmsg=\"Souhait de participation aux entra\u00eenements encadr\u00e9s est non valide\"   \/> d\u00e9butant adulte jeudi 18h30 - COMPLET<\/label><\/div>\n\t\t<div class=\"frm_checkbox\" id=\"frm_checkbox_58-3\">\t\t\t<label  for=\"field_3gy8k-3\">\n\t\t\t<input type=\"checkbox\" name=\"item_meta[58][]\" id=\"field_3gy8k-3\" value=\"progression jeune mardi\"  data-invmsg=\"Souhait de participation aux entra\u00eenements encadr\u00e9s est non valide\"   \/> progression jeune mardi<\/label><\/div>\n\t\t<div class=\"frm_checkbox\" id=\"frm_checkbox_58-4\">\t\t\t<label  for=\"field_3gy8k-4\">\n\t\t\t<input type=\"checkbox\" name=\"item_meta[58][]\" id=\"field_3gy8k-4\" value=\"progression adulte mardi 20h00\"  data-invmsg=\"Souhait de participation aux entra\u00eenements encadr\u00e9s est non valide\"   \/> progression adulte mardi 20h00<\/label><\/div>\n\t\t<div class=\"frm_checkbox\" id=\"frm_checkbox_58-5\">\t\t\t<label  for=\"field_3gy8k-5\">\n\t\t\t<input type=\"checkbox\" name=\"item_meta[58][]\" id=\"field_3gy8k-5\" value=\"archer autonome - entra\u00eenement libre\"  data-invmsg=\"Souhait de participation aux entra\u00eenements encadr\u00e9s est non valide\"   \/> archer autonome - entra\u00eenement libre<\/label><\/div>\n<\/div>\n    \n    \n<\/div>\n<div id=\"frm_field_37_container\" class=\"frm_form_field form-field  frm_none_container\">\r\n    <label for=\"g-recaptcha-response\" id=\"field_ri0dj7d8c14cddf4a96728def_label\" class=\"frm_primary_label\">reCAPTCHA\r\n        <span class=\"frm_required\"><\/span>\r\n    <\/label>\r\n    <div  id=\"field_ri0dj7d8c14cddf4a96728def\" class=\"frm-g-recaptcha\" data-sitekey=\"6Lc2F8gZAAAAAKxUa0pQSrUQm9iQwOH7aOL7mFwj\" data-size=\"normal\" data-theme=\"light\"><\/div>\r\n    \r\n    \r\n<\/div>\n<div id=\"frm_field_176_container\" class=\"frm_form_field  frm_html_container form-field\">\n<p>Tous les champs d'\u00e9tat civil, incluant le nom de naissance, le d\u00e9partement de naissance, la ville de naissance, doivent \u00eatre remplis pour les licenci\u00e9s soumis au contr\u00f4le d'honorabilit\u00e9: entra\u00eeneurs, membres d'un comit\u00e9 directeur au sein d'un club ou d'instances f\u00e9d\u00e9rales FFTA.<br \/>Le Minist\u00e8re charg\u00e9 des sports a con\u00e7u un service automatis\u00e9 permettant aux f\u00e9d\u00e9rations sportives de s\u2019assurer de l\u2019honorabilit\u00e9 de leurs \u00e9ducateurs sportifs b\u00e9n\u00e9voles et leurs exploitants par v\u00e9rification des ant\u00e9c\u00e9dents judiciaires, les plus graves.<\/p>\n<\/div>\n<div id=\"frm_field_271_container\" class=\"frm_form_field form-field \">\n\t<div class=\"frm_submit\">\r\n\r\n<button class=\"frm_button_submit\" type=\"submit\"  >Envoyer<\/button>\r\n\r\n<\/div>\n<\/div>\n\t<input type=\"hidden\" name=\"item_key\" value=\"\" \/>\n\t\t\t<div id=\"frm_field_372_container\">\n\t\t\t<label for=\"field_ynei8\" >\n\t\t\t\tSi vous \u00eates un humain, ne remplissez pas ce champ.\t\t\t<\/label>\n\t\t\t<input  id=\"field_ynei8\" type=\"text\" class=\"frm_form_field form-field frm_verify\" name=\"item_meta[372]\" value=\"\"  \/>\n\t\t<\/div>\n\t\t<input name=\"frm_state\" type=\"hidden\" value=\"NYpzzTw71g9+e2ViKIqKoX3XNL0r33jr0xf\/Ee\/wl6Q=\" \/><\/div>\n<\/fieldset>\n<\/div>\n\n<\/form>\n<\/div>\n\n<p>Apr\u00e8s acceptation de votre inscription au TAC, le paiement est possible par carte sur<br \/>\n<a href=\"https:\/\/www.helloasso.com\/associations\/toulouse-athletic-club-tir-a-l-arc\">https:\/\/www.helloasso.com\/associations\/toulouse-athletic-club-tir-a-l-arc<\/a><\/p>\n<p>&nbsp;<\/p>\n","protected":false},"excerpt":{"rendered":"<p>Pr\u00e9-inscription pour une adh\u00e9sion au Toulouse TAC tir \u00e0 l'arc. L'inscription sera effective apr\u00e8s paiement et transmission des documents requis. Apr\u00e8s acceptation de votre inscription au TAC, le paiement est possible par carte sur https:\/\/www.helloasso.com\/associations\/toulouse-athletic-club-tir-a-l-arc &nbsp;<\/p>\n","protected":false},"author":2,"featured_media":2205,"parent":0,"menu_order":0,"comment_status":"closed","ping_status":"closed","template":"","meta":{"footnotes":""},"class_list":["post-2371","page","type-page","status-publish","has-post-thumbnail","hentry"],"jetpack_sharing_enabled":true,"_links":{"self":[{"href":"https:\/\/tacarc.org\/info\/wp-json\/wp\/v2\/pages\/2371","targetHints":{"allow":["GET"]}}],"collection":[{"href":"https:\/\/tacarc.org\/info\/wp-json\/wp\/v2\/pages"}],"about":[{"href":"https:\/\/tacarc.org\/info\/wp-json\/wp\/v2\/types\/page"}],"author":[{"embeddable":true,"href":"https:\/\/tacarc.org\/info\/wp-json\/wp\/v2\/users\/2"}],"replies":[{"embeddable":true,"href":"https:\/\/tacarc.org\/info\/wp-json\/wp\/v2\/comments?post=2371"}],"version-history":[{"count":0,"href":"https:\/\/tacarc.org\/info\/wp-json\/wp\/v2\/pages\/2371\/revisions"}],"wp:featuredmedia":[{"embeddable":true,"href":"https:\/\/tacarc.org\/info\/wp-json\/wp\/v2\/media\/2205"}],"wp:attachment":[{"href":"https:\/\/tacarc.org\/info\/wp-json\/wp\/v2\/media?parent=2371"}],"curies":[{"name":"wp","href":"https:\/\/api.w.org\/{rel}","templated":true}]}}