
{"id":1511,"date":"2014-08-24T11:55:33","date_gmt":"2014-08-24T09:55:33","guid":{"rendered":"http:\/\/tacarc.org\/info\/?page_id=1511"},"modified":"2020-09-17T09:22:53","modified_gmt":"2020-09-17T07:22:53","slug":"tir-dendurance","status":"publish","type":"page","link":"https:\/\/tacarc.org\/info\/tir\/tir-dendurance\/","title":{"rendered":"Tir d'endurance"},"content":{"rendered":"<div id=\"ez-toc-container\" class=\"ez-toc-v2_0_80 counter-hierarchy ez-toc-counter ez-toc-grey ez-toc-container-direction\">\n<div class=\"ez-toc-title-container\">\n<p class=\"ez-toc-title\" style=\"cursor:inherit\">Sommaire<\/p>\n<span class=\"ez-toc-title-toggle\"><a href=\"#\" class=\"ez-toc-pull-right ez-toc-btn ez-toc-btn-xs ez-toc-btn-default ez-toc-toggle\" aria-label=\"Toggle Table of Content\"><span class=\"ez-toc-js-icon-con\"><span class=\"\"><span class=\"eztoc-hide\" style=\"display:none;\">Toggle<\/span><span class=\"ez-toc-icon-toggle-span\"><svg style=\"fill: #999;color:#999\" xmlns=\"http:\/\/www.w3.org\/2000\/svg\" class=\"list-377408\" width=\"20px\" height=\"20px\" viewBox=\"0 0 24 24\" fill=\"none\"><path d=\"M6 6H4v2h2V6zm14 0H8v2h12V6zM4 11h2v2H4v-2zm16 0H8v2h12v-2zM4 16h2v2H4v-2zm16 0H8v2h12v-2z\" fill=\"currentColor\"><\/path><\/svg><svg style=\"fill: #999;color:#999\" class=\"arrow-unsorted-368013\" xmlns=\"http:\/\/www.w3.org\/2000\/svg\" width=\"10px\" height=\"10px\" viewBox=\"0 0 24 24\" version=\"1.2\" baseProfile=\"tiny\"><path d=\"M18.2 9.3l-6.2-6.3-6.2 6.3c-.2.2-.3.4-.3.7s.1.5.3.7c.2.2.4.3.7.3h11c.3 0 .5-.1.7-.3.2-.2.3-.5.3-.7s-.1-.5-.3-.7zM5.8 14.7l6.2 6.3 6.2-6.3c.2-.2.3-.5.3-.7s-.1-.5-.3-.7c-.2-.2-.4-.3-.7-.3h-11c-.3 0-.5.1-.7.3-.2.2-.3.5-.3.7s.1.5.3.7z\"\/><\/svg><\/span><\/span><\/span><\/a><\/span><\/div>\n<nav><ul class='ez-toc-list ez-toc-list-level-1 ' ><li class='ez-toc-page-1 ez-toc-heading-level-2'><a class=\"ez-toc-link ez-toc-heading-1\" href=\"https:\/\/tacarc.org\/info\/tir\/tir-dendurance\/#Visee\" >Vis\u00e9e<\/a><ul class='ez-toc-list-level-3' ><li class='ez-toc-heading-level-3'><a class=\"ez-toc-link ez-toc-heading-2\" href=\"https:\/\/tacarc.org\/info\/tir\/tir-dendurance\/#Score\" >Score<\/a><\/li><li class='ez-toc-page-1 ez-toc-heading-level-3'><a class=\"ez-toc-link ez-toc-heading-3\" href=\"https:\/\/tacarc.org\/info\/tir\/tir-dendurance\/#Volee\" >Vol\u00e9e<\/a><\/li><\/ul><\/li><li class='ez-toc-page-1 ez-toc-heading-level-2'><a class=\"ez-toc-link ez-toc-heading-4\" href=\"https:\/\/tacarc.org\/info\/tir\/tir-dendurance\/#Tir_%C2%AB_Republicain_%C2%BB\" >Tir \u00ab\u00a0R\u00e9publicain\u00a0\u00bb<\/a><\/li><li class='ez-toc-page-1 ez-toc-heading-level-2'><a class=\"ez-toc-link ez-toc-heading-5\" href=\"https:\/\/tacarc.org\/info\/tir\/tir-dendurance\/#Tir_dEndurance\" >Tir d&rsquo;Endurance<\/a><ul class='ez-toc-list-level-3' ><li class='ez-toc-heading-level-3'><a class=\"ez-toc-link ez-toc-heading-6\" href=\"https:\/\/tacarc.org\/info\/tir\/tir-dendurance\/#Serie_de_60_fleches\" >S\u00e9rie de 60 fl\u00e8ches<\/a><\/li><li class='ez-toc-page-1 ez-toc-heading-level-3'><a class=\"ez-toc-link ez-toc-heading-7\" href=\"https:\/\/tacarc.org\/info\/tir\/tir-dendurance\/#Marathon_des_1000_fleches\" >Marathon des 1000 fl\u00e8ches<\/a><\/li><li class='ez-toc-page-1 ez-toc-heading-level-3'><a class=\"ez-toc-link ez-toc-heading-8\" href=\"https:\/\/tacarc.org\/info\/tir\/tir-dendurance\/#Rapidite\" >Rapidit\u00e9<\/a><\/li><li class='ez-toc-page-1 ez-toc-heading-level-3'><a class=\"ez-toc-link ez-toc-heading-9\" href=\"https:\/\/tacarc.org\/info\/tir\/tir-dendurance\/#Estimation_de_la_zone_de_reussite\" >Estimation de la zone de r\u00e9ussite<\/a><\/li><\/ul><\/li><\/ul><\/nav><\/div>\n<p style=\"padding-left: 30px;\">L'objectif du tir d'endurance est de tirer un grand nombre de fl\u00e8ches pour tester la r\u00e9sistance de l'archer et la stabilit\u00e9 de son geste dans la dur\u00e9e. Il permet de banaliser les tirs r\u00e9ussis et de stigmatiser les erreurs de tir car un bon score passe d'abord par l'\u00e9limination des mauvaises fl\u00e8ches.<\/p>\n<p style=\"padding-left: 30px;\">Un tir d'endurance sur un volume r\u00e9duit est dit <a href=\"#republicain\">tir \"r\u00e9publicain\"<\/a>, en contrepoint du <a href=\"http:\/\/tacarc.org\/info\/?p=1550#roy\">tir du Roy<\/a>.<\/p>\n<p style=\"padding-left: 30px;\">Le score correspondant est un <strong>indice universel de la pr\u00e9cision<\/strong> de l'archer pour toutes les distances de tir et toutes les armes; \u00e0 titre indicatif, un archer qui obtient un score \u00e0:<br \/>\n50% a une bonne ma\u00eetrise des apprentissages fondamentaux<br \/>\n100% peut figurer dans une s\u00e9lection de championnat national.<\/p>\n<h2 style=\"padding-left: 30px;\"><span class=\"ez-toc-section\" id=\"Visee\"><\/span>Vis\u00e9e<span class=\"ez-toc-section-end\"><\/span><\/h2>\n<p style=\"padding-left: 30px;\">Pour conserver un groupement qui requiert un minimum de vis\u00e9e, m\u00eame pour un archer exp\u00e9riment\u00e9, les objectifs de r\u00e9ussite \u00e0 50m sont des diam\u00e8tres de 20cm en poulies, 40cm en classique,\u00a0 80cm en arc nu.<br \/>\nLes diam\u00e8tres de vis\u00e9e sont r\u00e9duits au prorata des distances pour des tirs plus proches:<\/p>\n<table>\n<tbody>\n<tr>\n<td>distance<\/td>\n<td><strong>CO poulies<\/strong><br \/>\n<strong>tri-spot<\/strong><br \/>\n40cm r\u00e9duit 5 zones<\/td>\n<td><strong>CL classiques<\/strong><br \/>\n<strong>blason 40 cm<\/strong><\/td>\n<td><strong>BB arc nu<br \/>\net Jeunes<\/strong><br \/>\n<strong>blason 80cm<\/strong><\/td>\n<\/tr>\n<tr>\n<td>10m<\/td>\n<td>4cm<br \/>\n10 classique<\/td>\n<td>8cm<br \/>\njaune<\/td>\n<td>16cm<br \/>\njaune<\/td>\n<\/tr>\n<tr>\n<td>20m<\/td>\n<td>8cm<br \/>\njaune 9-10<\/td>\n<td>16cm<br \/>\njaune\/rouge<\/td>\n<td>32cm<br \/>\njaune\/rouge<\/td>\n<\/tr>\n<tr>\n<td>30m<\/td>\n<td>12cm<br \/>\njusqu'au 8<\/td>\n<td>24cm<br \/>\njusqu'au 5 (bleu)<\/td>\n<td>48cm<br \/>\njusqu'au 5 (bleu)<\/td>\n<\/tr>\n<tr>\n<td><strong>50m<\/strong><\/td>\n<td><strong>20cm<\/strong><br \/>\n<strong>tri-spot complet<\/strong><\/td>\n<td><strong>40cm<\/strong><br \/>\n<strong>tout le blason<\/strong><\/td>\n<td><strong>80cm<\/strong><br \/>\n<strong>tout le blason<\/strong><\/td>\n<\/tr>\n<\/tbody>\n<\/table>\n<p>NB: \u00e0 50m, les blasons anglais peuvent \u00eatre remplac\u00e9s par des blasons campagne birdy (CO), 40cm (CL) et 80cm (BB) pour obtenir une vis\u00e9e simple.<\/p>\n<p>Un bon archer a un diam\u00e8tre de r\u00e9ussite correspondant \u00e0 la moiti\u00e9 du visuel propos\u00e9 dans le tir d'endurance, par exemple en tir classique en salle un score sup\u00e9rieur \u00e0 540, soit 9 de moyenne. Il lui sera cependant difficile de faire un sans faute sur plusieurs douzaines de fl\u00e8ches. Il faut rester concentr\u00e9 sur la dur\u00e9e, comprendre et corriger les erreurs correspondant aux sorties du diam\u00e8tre deux fois plus grand que celui de la r\u00e9ussite moyenne. L'archer banalise la r\u00e9ussite et il ne doit pas \u00eatre d\u00e9contenanc\u00e9 par un mauvais tir.<\/p>\n<h3><span class=\"ez-toc-section\" id=\"Score\"><\/span>Score<span class=\"ez-toc-section-end\"><\/span><\/h3>\n<p>L'archer compte <strong>1 point par fl\u00e8che dans la zone marquante<\/strong> en fonction de la distance et de son arme, 0 sinon. Pour comparer les scores \u00e0 diff\u00e9rentes distances et avec diff\u00e9rents diam\u00e8tres de fl\u00e8che, la r\u00e9ussite n'est pas jug\u00e9e au cordon mais avec le <strong>centre de la fl\u00e8che dans la zone marquante<\/strong>. Cette m\u00e9thode permet de quantifier tr\u00e8s rapidement le groupement des fl\u00e8ches.<br \/>\n<iframe loading=\"lazy\" src=\"https:\/\/www.youtube.com\/embed\/xXgNJwQhCE0\" width=\"500\" height=\"281\" frameborder=\"0\" allowfullscreen=\"allowfullscreen\"><span style=\"display: inline-block; width: 0px; overflow: hidden; line-height: 0;\" data-mce-type=\"bookmark\" class=\"mce_SELRES_start\">\ufeff<\/span><\/iframe><\/p>\n<h3><span class=\"ez-toc-section\" id=\"Volee\"><\/span>Vol\u00e9e<span class=\"ez-toc-section-end\"><\/span><\/h3>\n<p>Pour des archers n'ayant pas un volume hebdomadaire sup\u00e9rieur \u00e0 200 fl\u00e8ches, un rythme de tir \u00e0 6 fl\u00e8ches avec un temps de 2 minutes (20 seconde par fl\u00e8che comme pour un tir en \u00e9quipe) est raisonnable. Avec la mont\u00e9e en cible \u00e0 50m, un volume de l'ordre de 60 fl\u00e8ches par heure est envisageable.<\/p>\n<p>Un volume plus \u00e9lev\u00e9 par vol\u00e9e de 12 fl\u00e8ches et \u00e0 une distance plus courte permet de doubler la cadence de tir (<a title=\"Vid\u00e9ao de s\u00e9quence de tir pendant le chalenge 300 fl\u00e8ches\" href=\"https:\/\/www.youtube.com\/watch?v=xXgNJwQhCE0&amp;list=UUpBK1r2vkJP9TrRCbwBFCuw\" target=\"_blank\" rel=\"noopener noreferrer\">vid\u00e9o de s\u00e9quence de tir<\/a>)<\/p>\n<p><a name=\"republicain\"><\/a><\/p>\n<h2>Tir \"R\u00e9publicain\"<\/h2>\n<p>Le tir \"r\u00e9publicain\" est un tir correspondant \u00e0 un volume d'entra\u00eenement sur 120 fl\u00e8ches en privil\u00e9giant la pr\u00e9cision sur le volume. Ce volume de 120 fl\u00e8ches correspond \u00e0 celui de deux tirs en salle et permet \u00e0 l'archer de suivre son groupement sur cette dur\u00e9e.<\/p>\n<p>Le score de r\u00e9ussite est un nombre entre 0 et 100 correspondant au rapport<br \/>\n100 x (nombre de fl\u00e8ches r\u00e9ussies)\/(Nombre de fl\u00e8ches tir\u00e9es)<br \/>\narrondi au nombre entier inf\u00e9rieur. Pour obtenir 100, il ne faut aucune fl\u00e8che hors zone de r\u00e9ussite.<\/p>\n<p><em>Cette pratique peut \u00eatre g\u00e9n\u00e9ralis\u00e9e \u00e0 tous les entra\u00eenements o\u00f9 l'archer compte ses mauvaises fl\u00e8ches, hors d'une zone de r\u00e9ussite minimale en fonction de sa pr\u00e9cision.<br \/>\nRappel: un archer r\u00e9ussit \u00e0 placer 86% de ses fl\u00e8ches dans un diam\u00e8tre correspondant \u00e0 4 fois son <a title=\"Pr\u00e9cision et score\" href=\"http:\/\/tacarc.org\/info\/?p=1550\">diam\u00e8tre de dispersion<\/a> (soit 6 fl\u00e8ches sur 7).<br \/>\nLe <a title=\"Pr\u00e9cision et score\" href=\"http:\/\/tacarc.org\/info\/?p=1550#roy\">tir du Roy<\/a> correspond \u00e0 la pratique oppos\u00e9e o\u00f9 l'on ne se concentre que sur la meilleure fl\u00e8che.<br \/>\n<\/em><\/p>\n<h2><span class=\"ez-toc-section\" id=\"Tir_dEndurance\"><\/span>Tir d&rsquo;Endurance<span class=\"ez-toc-section-end\"><\/span><\/h2>\n<h3><span class=\"ez-toc-section\" id=\"Serie_de_60_fleches\"><\/span>S\u00e9rie de 60 fl\u00e8ches<span class=\"ez-toc-section-end\"><\/span><\/h3>\n<p>L'archer compte le total de ses scores pour 10 vol\u00e9es de 6 fl\u00e8ches ou 5 vol\u00e9es de 12 fl\u00e8ches, soit 60 fl\u00e8ches correspondant au nombre de tirs pour un concours salle.<br \/>\nUn archer qui parvient \u00e0 d\u00e9passer le score de 55 pour 60 fl\u00e8ches sur plusieurs s\u00e9ries cons\u00e9cutives est un excellent archer endurant.<br \/>\nEn classique, un score moyen de 40 par s\u00e9rie est celui d'un archer exp\u00e9riment\u00e9.<\/p>\n<p>L'archer suit l'\u00e9volution de ses scores par s\u00e9rie de 60 fl\u00e8ches sur de grands volumes, par exemple sur 5 s\u00e9ries, soit un total de <strong>300 fl\u00e8ches<\/strong>.<\/p>\n<h3><span class=\"ez-toc-section\" id=\"Marathon_des_1000_fleches\"><\/span>Marathon des 1000 fl\u00e8ches<span class=\"ez-toc-section-end\"><\/span><\/h3>\n<p id=\"watch-headline-title\" class=\"yt\">Un exercice d'endurance sur 1000 fl\u00e8ches pour les archers am\u00e9ricains de haut niveau a \u00e9t\u00e9 accompli par le plus rapide en 6h30:<br \/>\n<a title=\"The 1000 Arrow Challenge 2007\" href=\"https:\/\/www.youtube.com\/watch?v=RezVD0fAIsY\" target=\"_blank\" rel=\"noopener noreferrer\"><span id=\"eow-title\" class=\"watch-title \" dir=\"ltr\" title=\"The 1000 Arrow Challenge 2007\">vid\u00e9o \"The 1000 Arrow Challenge 2007\"<\/span><\/a><\/p>\n<p><iframe loading=\"lazy\" src=\"https:\/\/www.youtube.com\/embed\/RezVD0fAIsY\" width=\"784\" height=\"588\" frameborder=\"0\" allowfullscreen=\"allowfullscreen\"><\/iframe><\/p>\n<h3><span class=\"ez-toc-section\" id=\"Rapidite\"><\/span>Rapidit\u00e9<span class=\"ez-toc-section-end\"><\/span><\/h3>\n<p>Un arc nu en d\u00e9coche mongole permet des cadences de tir extr\u00eamement \u00e9lev\u00e9es:<br \/>\n<iframe loading=\"lazy\" src=\"https:\/\/www.youtube.com\/embed\/1o9RGnujlkI\" width=\"784\" height=\"588\" frameborder=\"0\" allowfullscreen=\"allowfullscreen\"><\/iframe><br \/>\n<a title=\"Archery - Fast Shooting (Murmansk) \" href=\"https:\/\/www.youtube.com\/watch?v=1o9RGnujlkI\" target=\"_blank\" rel=\"noopener noreferrer\">https:\/\/www.youtube.com\/watch?v=1o9RGnujlkI<\/a><\/p>\n<p>Toutefois, l'objectif fondamental du tir d'endurance n'est pas la rapidit\u00e9 mais\u00a0la stabilit\u00e9 du tir sur un grand nombre de fl\u00e8ches en conservant un rythme constant.<\/p>\n<h3><span class=\"ez-toc-section\" id=\"Estimation_de_la_zone_de_reussite\"><\/span>Estimation de la zone de r\u00e9ussite<span class=\"ez-toc-section-end\"><\/span><\/h3>\n<p>Compter les mauvaises fl\u00e8ches qui sortent d'un diam\u00e8tre Dv permet d'estimer le diam\u00e8tre De d'\u00e9cart type de dispersion.<\/p>\n<p><strong>Probabilit\u00e9 de tirer dans un diam\u00e8tre de 20cm pour poulies, 40cm pour classiques, 80cm pour arc nu \u00e0 50m ou au prorata de la distance, centre de la fl\u00e8che sur cordon<\/strong><\/p>\n<table>\n<tbody>\n<tr>\n<td>Pr\u00e9cision en 1\/1000<\/td>\n<td>Poulies (4\/1000)<\/td>\n<td>Classiques (8\/1000)<\/td>\n<td>Arc nu (16\/1000)<\/td>\n<\/tr>\n<tr>\n<td>0.5<\/td>\n<td>100%<\/td>\n<td><\/td>\n<td><\/td>\n<\/tr>\n<tr>\n<td>0.75<\/td>\n<td>97.1%<\/td>\n<td><\/td>\n<td><\/td>\n<\/tr>\n<tr>\n<td>1<\/td>\n<td>86.5%<\/td>\n<td>100%<\/td>\n<td><\/td>\n<\/tr>\n<tr>\n<td>1.5<\/td>\n<td>58.9%<\/td>\n<td>97.1%<\/td>\n<td><\/td>\n<\/tr>\n<tr>\n<td>2<\/td>\n<td>39.3%<\/td>\n<td>86.5%<\/td>\n<td>100%<\/td>\n<\/tr>\n<tr>\n<td>3<\/td>\n<td>20%<\/td>\n<td>58.9%<\/td>\n<td>97.1%<\/td>\n<\/tr>\n<tr>\n<td>4<\/td>\n<td>11.8%<\/td>\n<td>39.3%<\/td>\n<td>86.5%<\/td>\n<\/tr>\n<tr>\n<td>5<\/td>\n<td>7.7%<\/td>\n<td>27.4%<\/td>\n<td>72.2%<\/td>\n<\/tr>\n<tr>\n<td>6<\/td>\n<td>5.4%<\/td>\n<td>20%<\/td>\n<td>59%<\/td>\n<\/tr>\n<tr>\n<td>7<\/td>\n<td>4%<\/td>\n<td>15%<\/td>\n<td>48%<\/td>\n<\/tr>\n<tr>\n<td>10<\/td>\n<td>2%<\/td>\n<td>7.7%<\/td>\n<td>27.4%<\/td>\n<\/tr>\n<\/tbody>\n<\/table>\n<p>Consultez l'article <a title=\"Pr\u00e9cision et score\" href=\"http:\/\/tacarc.org\/info\/?p=1550#endurance\">pr\u00e9cision et score<\/a> pour estimer votre pr\u00e9cision en fonction de votre taux de r\u00e9ussite au tir d'endurance.<\/p>\n<p><em>A titre indicatif, un archer qui a un taux de r\u00e9ussite sup\u00e9rieur \u00e0<br \/>\n85% en tir d'endurance respectivement \u00e0 20m et 50m devrait d\u00e9passer les scores de<br \/>\n500 en salle \u00e0 18m, 600 en f\u00e9d\u00e9ral \u00e0 50m avec arc classique ,<br \/>\n550 en salle \u00e0 18m, 650 en FITA \u00e0 50m, 680 en f\u00e9d\u00e9ral \u00e0 50m avec arc \u00e0 poulies.<br \/>\n<\/em><\/p>\n<p>NB: en pratique, la pr\u00e9cision de l'archer diminue avec la distance (le c\u00f4ne de dispersion augmente avec la distance). Le taux de r\u00e9ussite du tir d'endurance devrait donc \u00e9galement diminuer quand la distance augmente.<\/p>\n<p>&nbsp;<\/p>\n<p><script>\/\/ <![CDATA[ (function(d, s, id) { var js, fjs = d.getElementsByTagName(s)[0]; if (d.getElementById(id)) return; js = d.createElement(s); js.id = id; js.src = \"\/\/connect.facebook.net\/fr_FR\/all.js#xfbml=1\"; fjs.parentNode.insertBefore(js, fjs); }(document, 'script', 'facebook-jssdk')); \/\/ ]]><\/script><\/p>\n<div class=\"fb-post\" data-href=\"https:\/\/www.facebook.com\/media\/set\/?set=a.724654247601515.1073741863.373412726059004&amp;type=1\" data-width=\"466\">\n<div class=\"fb-xfbml-parse-ignore\"><a href=\"https:\/\/www.facebook.com\/media\/set\/?set=a.724654247601515.1073741863.373412726059004&amp;type=1\">Publication<\/a> by <a href=\"https:\/\/www.facebook.com\/tacarc31\">TAC Tir \u00e0 l'arc Toulouse<\/a>.<\/div>\n<\/div>\n","protected":false},"excerpt":{"rendered":"<p>L'objectif du tir d'endurance est de tirer un grand nombre de fl\u00e8ches pour tester la r\u00e9sistance de l'archer et la stabilit\u00e9 de son geste dans la dur\u00e9e. Il permet de banaliser les tirs r\u00e9ussis et de stigmatiser les erreurs de &hellip; <a href=\"https:\/\/tacarc.org\/info\/tir\/tir-dendurance\/\">Continuer la lecture <span class=\"meta-nav\">&rarr;<\/span><\/a><\/p>\n","protected":false},"author":2,"featured_media":1521,"parent":242,"menu_order":3,"comment_status":"closed","ping_status":"closed","template":"","meta":{"footnotes":""},"class_list":["post-1511","page","type-page","status-publish","has-post-thumbnail","hentry"],"jetpack_sharing_enabled":true,"_links":{"self":[{"href":"https:\/\/tacarc.org\/info\/wp-json\/wp\/v2\/pages\/1511","targetHints":{"allow":["GET"]}}],"collection":[{"href":"https:\/\/tacarc.org\/info\/wp-json\/wp\/v2\/pages"}],"about":[{"href":"https:\/\/tacarc.org\/info\/wp-json\/wp\/v2\/types\/page"}],"author":[{"embeddable":true,"href":"https:\/\/tacarc.org\/info\/wp-json\/wp\/v2\/users\/2"}],"replies":[{"embeddable":true,"href":"https:\/\/tacarc.org\/info\/wp-json\/wp\/v2\/comments?post=1511"}],"version-history":[{"count":0,"href":"https:\/\/tacarc.org\/info\/wp-json\/wp\/v2\/pages\/1511\/revisions"}],"up":[{"embeddable":true,"href":"https:\/\/tacarc.org\/info\/wp-json\/wp\/v2\/pages\/242"}],"wp:featuredmedia":[{"embeddable":true,"href":"https:\/\/tacarc.org\/info\/wp-json\/wp\/v2\/media\/1521"}],"wp:attachment":[{"href":"https:\/\/tacarc.org\/info\/wp-json\/wp\/v2\/media?parent=1511"}],"curies":[{"name":"wp","href":"https:\/\/api.w.org\/{rel}","templated":true}]}}