
{"id":14,"date":"2012-10-04T12:21:26","date_gmt":"2012-10-04T10:21:26","guid":{"rendered":"http:\/\/tacarc.org\/info\/?page_id=14"},"modified":"2024-06-26T20:38:20","modified_gmt":"2024-06-26T18:38:20","slug":"bienvenu","status":"publish","type":"page","link":"https:\/\/tacarc.org\/info\/club\/bienvenu\/","title":{"rendered":"Comment d\u00e9marrer au TAC"},"content":{"rendered":"<div id=\"ez-toc-container\" class=\"ez-toc-v2_0_80 counter-hierarchy ez-toc-counter ez-toc-grey ez-toc-container-direction\">\n<div class=\"ez-toc-title-container\">\n<p class=\"ez-toc-title\" style=\"cursor:inherit\">Sommaire<\/p>\n<span class=\"ez-toc-title-toggle\"><a href=\"#\" class=\"ez-toc-pull-right ez-toc-btn ez-toc-btn-xs ez-toc-btn-default ez-toc-toggle\" aria-label=\"Toggle Table of Content\"><span class=\"ez-toc-js-icon-con\"><span class=\"\"><span class=\"eztoc-hide\" style=\"display:none;\">Toggle<\/span><span class=\"ez-toc-icon-toggle-span\"><svg style=\"fill: #999;color:#999\" xmlns=\"http:\/\/www.w3.org\/2000\/svg\" class=\"list-377408\" width=\"20px\" height=\"20px\" viewBox=\"0 0 24 24\" fill=\"none\"><path d=\"M6 6H4v2h2V6zm14 0H8v2h12V6zM4 11h2v2H4v-2zm16 0H8v2h12v-2zM4 16h2v2H4v-2zm16 0H8v2h12v-2z\" fill=\"currentColor\"><\/path><\/svg><svg style=\"fill: #999;color:#999\" class=\"arrow-unsorted-368013\" xmlns=\"http:\/\/www.w3.org\/2000\/svg\" width=\"10px\" height=\"10px\" viewBox=\"0 0 24 24\" version=\"1.2\" baseProfile=\"tiny\"><path d=\"M18.2 9.3l-6.2-6.3-6.2 6.3c-.2.2-.3.4-.3.7s.1.5.3.7c.2.2.4.3.7.3h11c.3 0 .5-.1.7-.3.2-.2.3-.5.3-.7s-.1-.5-.3-.7zM5.8 14.7l6.2 6.3 6.2-6.3c.2-.2.3-.5.3-.7s-.1-.5-.3-.7c-.2-.2-.4-.3-.7-.3h-11c-.3 0-.5.1-.7.3-.2.2-.3.5-.3.7s.1.5.3.7z\"\/><\/svg><\/span><\/span><\/span><\/a><\/span><\/div>\n<nav><ul class='ez-toc-list ez-toc-list-level-1 ' ><li class='ez-toc-page-1 ez-toc-heading-level-1'><a class=\"ez-toc-link ez-toc-heading-1\" href=\"https:\/\/tacarc.org\/info\/inauguration-du-terrain-de-pech-david-24-novembre-2007\/#Pech-David_Le_stand_de_tir_du_TAC_a_ete_inaugure_Les_archers_se_sont_installes\" >Pech-David. Le stand de tir du TAC a \u00e9t\u00e9 inaugur\u00e9. \nLes archers se sont install\u00e9s<\/a><ul class='ez-toc-list-level-2' ><li class='ez-toc-heading-level-2'><a class=\"ez-toc-link ez-toc-heading-2\" href=\"https:\/\/tacarc.org\/info\/inauguration-du-terrain-de-pech-david-24-novembre-2007\/#Article_sur_Capitole_Info_fevrier_2008_N%C2%B0172\" >Article sur Capitole Info (f\u00e9vrier 2008, N\u00b0172)<\/a><\/li><\/ul><\/li><\/ul><\/nav><\/div>\n<h1>Vie du club<\/h1>\n<p>Pour les d\u00e9butants, l'<a href=\"https:\/\/tacarc.org\/info\/cotisations\/\"><strong><big>inscription<\/big><\/strong><\/a> au cours d'initiation est prise en septembre, de pr\u00e9f\u00e9rence dans le <a href=\"https:\/\/tacarc.org\/info\/gymnase-de-gironis\/\">gymnase Gironis<\/a>. Les archers exp\u00e9riment\u00e9s peuvent adh\u00e9rer \u00e0 tout moment de l'ann\u00e9e.<\/p>\n<ul>\n<li>Comment rencontrer les archers du TAC? <a href=\"https:\/\/tacarc.org\/info\/contact\/\">contact<\/a><\/li>\n<li>Quelle est la <a href=\"https:\/\/tacarc.org\/info\/cotisations\/\">cotisation d'adh\u00e9sion<\/a> et comment <a title=\"inscription\" href=\"https:\/\/tacarc.org\/info\/inscription\/\">laisser ses coordonn\u00e9es<\/a>?<\/li>\n<li>Quelles sont les \u00e9tapes d'<a title=\"Initiation - les \u00e9tapes d'int\u00e9gration au TAC\" href=\"https:\/\/tacarc.org\/info\/acquisition-materiel-dintiation\/\">int\u00e9gration des archers d\u00e9butants<\/a>?<\/li>\n<li>Obtenir un <a title=\"Maillot du TAC tir \u00e0 l'arc\" href=\"http:\/\/tacarc.org\/info\/?p=122\">maillot du club<br \/>\n<\/a><\/li>\n<li>galerie <a title=\"photos du TAC\" href=\"http:\/\/www.tacarc.org\/photos\/\">photos<\/a> du club, le <a title=\"Le FaceBow du TAC: vous connaissez l'arc, vous reconnaitrez l'archer\" href=\"http:\/\/www.tacarc.org\/photos\/thumbnails.php?album=466\">FaceBow<\/a>, <a title=\"photos du tir du Roy au TAC\" href=\"http:\/\/www.tacarc.org\/photos\/index.php?cat=11\">tir du roy<\/a>, l'<a title=\"Histoire du TAC Tir \u00e0 l'Arc\" href=\"https:\/\/tacarc.org\/info\/petite-histoire-du-tacarc-org\/\">histoire du club<\/a>.<\/li>\n<li>comment est <a title=\"TAC - gestion du club\" href=\"https:\/\/tacarc.org\/info\/about\/tac-gestion-du-club\/\">g\u00e9r\u00e9 le club<\/a>?<\/li>\n<\/ul>\n<h2>pour suivre l'actualit\u00e9 du TAC<\/h2>\n<ul>\n<li>l'agenda est indiqu\u00e9 sur <em> <a href=\"http:\/\/www.tacarc.org\">www.tacarc.org<\/a>.<\/em><\/li>\n<li>si vous avez un compte facebook, cliquez sur \"j'aime\" de la page <a title=\"page facebook du TAC\" href=\"https:\/\/www.facebook.com\/tacarc31\" target=\"_blank\" rel=\"noopener noreferrer\">https:\/\/www.facebook.com\/tacarc31<\/a><\/li>\n<li>s'abonner ou se d\u00e9sinscrire des courriels de la <a title=\"s'inscrire ou se desinscrire sur la liste des amis du TAC\" href=\"http:\/\/tacarc.org\/info\/?p=332\"> liste des amis du TAC<\/a><\/li>\n<\/ul>\n<h1>Conseils<\/h1>\n<p>Quel mat\u00e9riel acheter pour l'initiation? <a title=\"Acquisition mat\u00e9riel d'initiation\" href=\"http:\/\/tacarc.org\/info\/?p=71\">mat\u00e9riel pr\u00e9conis\u00e9 pour les d\u00e9butants<\/a><br \/>\n<a title=\"magasins d'archerie \u00e0 Toulouse\" href=\"http:\/\/www.tacarc.org\/asso\/liens.htm#magasins\">magasins d'archerie<\/a> \u00e0 Toulouse<\/p>\n<p>Documents de r\u00e9f\u00e9rence de la FFTA et autres sur la <a title=\"Archerie: conseils FFTA et \u00e9cole de tir\" href=\"http:\/\/tacarc.org\/info\/?p=11\">pratique du tir \u00e0 l'arc<\/a><br \/>\nSites officiels, liste de fabricants... <a title=\"Liens utiles sur le tir \u00e0 l'arc\" href=\"https:\/\/tacarc.org\/info\/liens\/\">liens utiles<\/a><\/p>\n<p>Comment d\u00e9buter au tir \u00e0 l'arc: <a title=\"Vid\u00e9os - technique\" href=\"http:\/\/tacarc.org\/info\/?p=103\">vid\u00e9os<\/a> \/ Performance Archery <a title=\"Performance Archery (English)\" href=\"http:\/\/tacarc.org\/info\/?p=250\">video in English<\/a><br \/>\nChampionnats et jeux olympiques: <a title=\"Vid\u00e9o de championnats et jeux olympiques\" href=\"http:\/\/tacarc.org\/info\/?p=59\">vid\u00e9os<\/a><br \/>\nUne r\u00e9f\u00e9rence en arc classique : <a title=\"armement de Park Sung Hyun\" href=\"http:\/\/www.youtube.com\/watch?v=XCd7YBiV1U8\" target=\"_blank\" rel=\"noopener noreferrer\">vid\u00e9o de Park Sung Hyun<\/a><\/p>\n<h3>Adh\u00e9sion FFTA - F\u00e9d\u00e9ration Fran\u00e7aise de Tir \u00e0 l'Arc<\/h3>\n<p>Selon l'article L.131-6 du code du sport, la d\u00e9livrance d\u2019une licence par une F\u00e9d\u00e9ration vaut droit \u00e0 participer \u00e0 ses activit\u00e9s et \u00e0 son fonctionnement. La licence constitue par ce fait un acte d\u2019adh\u00e9sion \u00e0 l\u2019activit\u00e9 des pratiques encadr\u00e9es par la F\u00e9d\u00e9ration et ses structures affili\u00e9es. La d\u00e9livrance d\u2019une licence \u00e0 un membre d\u2019un club affili\u00e9 est un acte obligatoire inscrit \u00e0 l\u2019article 4 des Statuts de la F\u00e9d\u00e9ration.<\/p>\n<p>Le Tir \u00e0 l\u2019Arc est un sport ouvert \u00e0 tous, mais il appartient \u00e0 ceux qui adh\u00e9rent \u00e0 son esprit et \u00e0 ses r\u00e8gles. La licence est le lien et le signe de reconnaissance de tous les archers qui partagent ses valeurs et ses plaisirs.<\/p>\n<p>Le Tir \u00e0 l\u2019Arc est un loisir ou un sport qui peut comporter quelques risques pour soi-m\u00eame et pour les autres. Seule la licence F.F.T.A. comprend une assurance en Responsabilit\u00e9 Civile et en Individuelle Accident garantissant totalement le licenci\u00e9, y compris en comp\u00e9tition (partout dans le monde).<\/p>\n<p>&nbsp;<\/p>\n<h2>Liste des articles<\/h2>\n<ul><li><a href='https:\/\/tacarc.org\/info\/passage-fleches\/'>passage de fl\u00e8ches<\/a><\/li><li><a href='https:\/\/tacarc.org\/info\/meilleurs-voeux-2026\/'>Meilleurs voeux 2026<\/a><\/li><li><a href='https:\/\/tacarc.org\/info\/rentree-2025-2026\/'>Rentr\u00e9e 2025-2026<\/a><\/li><li><a href='https:\/\/tacarc.org\/info\/maillot-tac-2025\/'>Maillot TAC 2025<\/a><\/li><li><a href='https:\/\/tacarc.org\/info\/rentree\/'>Rentr\u00e9e<\/a><\/li><li><a href='https:\/\/tacarc.org\/info\/calendrier-2022\/'>Calendrier 2022<\/a><\/li><li><a href='https:\/\/tacarc.org\/info\/rentree-2022-2023\/'>Rentr\u00e9e 2022-2023<\/a><\/li><li><a href='https:\/\/tacarc.org\/info\/henri-dedieu-champion-nimes-2022\/'>Henri DEDIEU m\u00e9daille d'or en arc nu au tournoi international de N\u00eemes 2022<\/a><\/li><li><a href='https:\/\/tacarc.org\/info\/saison-2021-2022\/'>saison 2021-2022<\/a><\/li><li><a href='https:\/\/tacarc.org\/info\/challenge-entrainement\/'>Challenge d'entra\u00eenement<\/a><\/li><li><a href='https:\/\/tacarc.org\/info\/reprise-des-tirs-exterieurs\/'>reprise des tirs ext\u00e9rieurs<\/a><\/li><li><a href='https:\/\/tacarc.org\/info\/telepherique-teleo\/'>T\u00e9l\u00e9ph\u00e9rique T\u00e9l\u00e9o<\/a><\/li><li><a href='https:\/\/tacarc.org\/info\/rentree-2021\/'>rentr\u00e9e 2020-2021<\/a><\/li><li><a href='https:\/\/tacarc.org\/info\/le-sport-est-un-jeu-qui-apprend-a-survivre-ensemble\/'>Le sport est un jeu qui apprend \u00e0 survivre, ensemble.<\/a><\/li><li><a href='https:\/\/tacarc.org\/info\/precision-et-score\/'>Pr\u00e9cision et score<\/a><\/li><li><a href='https:\/\/tacarc.org\/info\/licence-ffta-dematerialisee\/'>Licence FFTA d\u00e9mat\u00e9rialis\u00e9e<\/a><\/li><li><a href='https:\/\/tacarc.org\/info\/reglage-viseur-apres-deux-dereglages\/'>R\u00e9glage viseur apr\u00e8s deux d\u00e9r\u00e9glages<\/a><\/li><li><a href='https:\/\/tacarc.org\/info\/la-tenue-de-larcher-tir-exterieur-et-parcours\/'>La tenue de l'archer - tir ext\u00e9rieur et parcours<\/a><\/li><li><a href='https:\/\/tacarc.org\/info\/la-methode-federale-en-route-pour-la-performance\/'>La m\u00e9thode f\u00e9d\u00e9rale, en route pour la performance<\/a><\/li><li><a href='https:\/\/tacarc.org\/info\/montage-de-fleches\/'>Montage de fl\u00e8ches<\/a><\/li><li><a href='https:\/\/tacarc.org\/info\/planning-initiation-2013-2014\/'>Planning Initiation 2013-2014<\/a><\/li><li><a href='https:\/\/tacarc.org\/info\/materiel-a-vendre-petites-annonces\/'>Mat\u00e9riel \u00e0 vendre - petites annonces<\/a><\/li><li><a href='https:\/\/tacarc.org\/info\/sante-et-tir-a-larc-dopage\/'>Sant\u00e9 et Tir \u00e0 l'arc, dopage<\/a><\/li><li><a href='https:\/\/tacarc.org\/info\/petite-histoire-des-maillots-et-logo-du-tac\/'>petite histoire des maillots et logo du TAC<\/a><\/li><li><a href='https:\/\/tacarc.org\/info\/petite-histoire-du-tacarc-org\/'>petite histoire du www.tacarc.org<\/a><\/li><li><a href='https:\/\/tacarc.org\/info\/histoire-du-tac-tir-a-larc\/'>Histoire du TAC Tir \u00e0 l'Arc<\/a><\/li><li><a href='https:\/\/tacarc.org\/info\/toulouse-en-bref\/'>Toulouse en bref...<\/a><\/li><li><a href='https:\/\/tacarc.org\/info\/tac-comite-2014\/'>Prot\u00e9g\u00e9\u00a0: TAC comit\u00e9 2014<\/a><\/li><li><a href='https:\/\/tacarc.org\/info\/defi-super-5\/'>Parcours des Etroits: D\u00e9fi Super 5<\/a><\/li><li><a href='https:\/\/tacarc.org\/info\/terrain-des-etroits-parcours\/'>Terrain des Etroits : parcours, cibles<\/a><\/li><li><a href='https:\/\/tacarc.org\/info\/amenagement-du-terrain-des-etroits\/'>Terrain des Etroits : historique de l'am\u00e9nagement<\/a><\/li><li><a href='https:\/\/tacarc.org\/info\/conformite-du-materiel\/'>Conformit\u00e9 du mat\u00e9riel<\/a><\/li><li><a href='https:\/\/tacarc.org\/info\/securite-lors-dun-concours\/'>s\u00e9curit\u00e9 lors d'un concours<\/a><\/li><li><a href='https:\/\/tacarc.org\/info\/concours-ffta\/'>Concours FFTA<\/a><\/li><li><a href='https:\/\/tacarc.org\/info\/arbitre-ffta\/'>Arbitre FFTA<\/a><\/li><li><a href='https:\/\/tacarc.org\/info\/concours-salle-tac-19-20-janvier-2013\/'>concours salle TAC 19-20 janvier 2013<\/a><\/li><li><a href='https:\/\/tacarc.org\/info\/tac-repas-de-club-samedi-19-janvier-2013-20h00\/'>TAC repas de club samedi 19 janvier 2013 20h00<\/a><\/li><li><a href='https:\/\/tacarc.org\/info\/performance-archery-english\/'>Performance Archery (English)<\/a><\/li><li><a href='https:\/\/tacarc.org\/info\/une-methode-pour-monter-les-plumes-spin-wing-avec-une-empenneuse\/'>Une m\u00e9thode pour monter les plumes SPIN-WING avec une empenneuse<\/a><\/li><li><a href='https:\/\/tacarc.org\/info\/maillot-tac-arc-2013\/'>Maillot du TAC tir \u00e0 l'arc 2013<\/a><\/li><li><a href='https:\/\/tacarc.org\/info\/acquisition-materiel-intiation\/'>Initiation et mat\u00e9riel d'archerie - les \u00e9tapes d'int\u00e9gration au TAC<\/a><\/li><li><a href='https:\/\/tacarc.org\/info\/videos-technique\/'>Vid\u00e9os - technique<\/a><\/li><li><a href='https:\/\/tacarc.org\/info\/video\/'>Vid\u00e9o de championnats et jeux olympiques<\/a><\/li><li><a href='https:\/\/tacarc.org\/info\/liens-utiles\/'>Liens utiles<\/a><\/li><li><a href='https:\/\/tacarc.org\/info\/archerie-conseils\/'>Archerie: conseils FFTA et \u00e9cole de tir<\/a><\/li><li><a href='https:\/\/tacarc.org\/info\/courriels-sur-tacarc-org\/'>Prot\u00e9g\u00e9\u00a0: Courriels sur @tacarc.org<\/a><\/li><li><a href='https:\/\/tacarc.org\/info\/inscription-sur-liste-de-diffusion-du-tac\/'>Inscription sur liste de diffusion du TAC<\/a><\/li><li><a href='https:\/\/tacarc.org\/info\/inauguration-du-terrain-de-pech-david-24-novembre-2007\/'>Inauguration du  terrain de Pech-David 24 novembre 2007<\/a><\/li><\/ul>\n<div class=\"manage-page\"><ul class=\"page\"><h3>Pages<\/h3><li class=\"page_item page-item-1892\"><a href=\"https:\/\/tacarc.org\/info\/\">accueil<\/a><\/li>\n<li class=\"page_item page-item-2271\"><a href=\"https:\/\/tacarc.org\/info\/competition\/\">Comp\u00e9tition<\/a><\/li>\n<li class=\"page_item page-item-2068\"><a href=\"https:\/\/tacarc.org\/info\/contact\/\">contact<\/a><\/li>\n<li class=\"page_item page-item-2015\"><a href=\"https:\/\/tacarc.org\/info\/cotisations\/\">Cotisations<\/a><\/li>\n<li class=\"page_item page-item-986\"><a href=\"https:\/\/tacarc.org\/info\/gymnase-de-gironis\/\">Gymnase de Gironis<\/a><\/li>\n<li class=\"page_item page-item-2371\"><a href=\"https:\/\/tacarc.org\/info\/inscription\/\">Inscription<\/a><\/li>\n<li class=\"page_item page-item-2193\"><a href=\"https:\/\/tacarc.org\/info\/liens\/\">liens utiles<\/a><\/li>\n<li class=\"page_item page-item-2432\"><a href=\"https:\/\/tacarc.org\/info\/newsletter\/\">Newsletter<\/a><\/li>\n<li class=\"page_item page-item-1943\"><a href=\"https:\/\/tacarc.org\/info\/reservation-de-pas-de-tir\/\">R\u00e9servation de pas de tir<\/a><\/li>\n<li class=\"page_item page-item-1656\"><a href=\"https:\/\/tacarc.org\/info\/stade-robert-barran\/\">Stade Robert Barran<\/a><\/li>\n<li class=\"page_item page-item-2238\"><a href=\"https:\/\/tacarc.org\/info\/tir-du-roy\/\">Tir du Roy<\/a><\/li>\n<li class=\"page_item page-item-2 page_item_has_children\"><a href=\"https:\/\/tacarc.org\/info\/club\/\">Le club TAC<\/a>\n<ul class='children'>\n\t<li class=\"page_item page-item-36\"><a href=\"https:\/\/tacarc.org\/info\/club\/agenda-du-tac\/\">Agenda du TAC<\/a><\/li>\n\t<li class=\"page_item page-item-14\"><a href=\"https:\/\/tacarc.org\/info\/club\/bienvenu\/\">Comment d\u00e9marrer au TAC<\/a><\/li>\n\t<li class=\"page_item page-item-1807\"><a href=\"https:\/\/tacarc.org\/info\/club\/newsletter\/\">Newsletter<\/a><\/li>\n\t<li class=\"page_item page-item-2804\"><a href=\"https:\/\/tacarc.org\/info\/club\/palmares\/\">Palmar\u00e8s du TAC<\/a><\/li>\n\t<li class=\"page_item page-item-667 page_item_has_children\"><a href=\"https:\/\/tacarc.org\/info\/club\/tac-gestion-du-club\/\">TAC - gestion du club<\/a>\n\t<ul class='children'>\n\t\t<li class=\"page_item page-item-1767\"><a href=\"https:\/\/tacarc.org\/info\/club\/tac-gestion-du-club\/projet-de-club\/\">projet de club<\/a><\/li>\n\t<\/ul>\n<\/li>\n\t<li class=\"page_item page-item-652\"><a href=\"https:\/\/tacarc.org\/info\/club\/tac-reglement-interieur\/\">TAC - r\u00e8glement int\u00e9rieur<\/a><\/li>\n\t<li class=\"page_item page-item-645\"><a href=\"https:\/\/tacarc.org\/info\/club\/tac-statuts\/\">TAC - statuts<\/a><\/li>\n\t<li class=\"page_item page-item-882\"><a href=\"https:\/\/tacarc.org\/info\/club\/plan-liste-des-articles-du-site\/\">Liste des articles du site<\/a><\/li>\n<\/ul>\n<\/li>\n<li class=\"page_item page-item-242 page_item_has_children\"><a href=\"https:\/\/tacarc.org\/info\/tir\/\">Les tirs au TAC<\/a>\n<ul class='children'>\n\t<li class=\"page_item page-item-1511\"><a href=\"https:\/\/tacarc.org\/info\/tir\/tir-dendurance\/\">Tir d'endurance<\/a><\/li>\n<\/ul>\n<\/li>\n<li class=\"page_item page-item-1002\"><a href=\"https:\/\/tacarc.org\/info\/terrain-de-pech-david\/\">Terrain de Pech-David<\/a><\/li>\n<li class=\"page_item page-item-1018 page_item_has_children\"><a href=\"https:\/\/tacarc.org\/info\/archerie\/\">Archerie<\/a>\n<ul class='children'>\n\t<li class=\"page_item page-item-2177\"><a href=\"https:\/\/tacarc.org\/info\/archerie\/le-meilleur-du-pire\/\">le meilleur du pire<\/a><\/li>\n\t<li class=\"page_item page-item-1354\"><a href=\"https:\/\/tacarc.org\/info\/archerie\/lexique-archerie\/\">Lexique archerie<\/a><\/li>\n\t<li class=\"page_item page-item-1344\"><a href=\"https:\/\/tacarc.org\/info\/archerie\/reglage-du-materiel\/\">R\u00e9glage du mat\u00e9riel<\/a><\/li>\n\t<li class=\"page_item page-item-2173\"><a href=\"https:\/\/tacarc.org\/info\/archerie\/securite\/\">S\u00e9curit\u00e9<\/a><\/li>\n\t<li class=\"page_item page-item-1365\"><a href=\"https:\/\/tacarc.org\/info\/archerie\/techniques-des-archers\/\">Techniques des archers<\/a><\/li>\n<\/ul>\n<\/li>\n<li class=\"page_item page-item-1011\"><a href=\"https:\/\/tacarc.org\/info\/parcours-des-etroits\/\">Parcours des Etroits<\/a><\/li>\n<li class=\"page_item page-item-461 page_item_has_children\"><a href=\"https:\/\/tacarc.org\/info\/arbitrage\/\">S\u00e9curit\u00e9 - Arbitrage<\/a>\n<ul class='children'>\n\t<li class=\"page_item page-item-1112\"><a href=\"https:\/\/tacarc.org\/info\/arbitrage\/calendrier-des-concours\/\">Calendrier des concours<\/a><\/li>\n<\/ul>\n<\/li>\n<li class=\"page_item page-item-683\"><a href=\"https:\/\/tacarc.org\/info\/tac-comite\/\">TAC comit\u00e9<\/a><\/li>\n<\/ul><\/div>\n<div class=\"manage-cat\"><ul class=\"cat\"><h3>Category<\/h3>\t<li class=\"cat-item cat-item-3\"><a href=\"https:\/\/tacarc.org\/info\/category\/archerie\/\">Archerie<\/a>\n<ul class='children'>\n\t<li class=\"cat-item cat-item-45\"><a href=\"https:\/\/tacarc.org\/info\/category\/archerie\/arbitrage\/\">arbitrage<\/a>\n<\/li>\n\t<li class=\"cat-item cat-item-23\"><a href=\"https:\/\/tacarc.org\/info\/category\/archerie\/conseil-archerie\/\">conseils<\/a>\n<\/li>\n\t<li class=\"cat-item cat-item-22\"><a href=\"https:\/\/tacarc.org\/info\/category\/archerie\/matereil\/\">mat\u00e9riel<\/a>\n<\/li>\n\t<li class=\"cat-item cat-item-12\"><a href=\"https:\/\/tacarc.org\/info\/category\/archerie\/video\/\">video<\/a>\n<\/li>\n<\/ul>\n<\/li>\n\t<li class=\"cat-item cat-item-44\"><a href=\"https:\/\/tacarc.org\/info\/category\/tac\/\">TAC<\/a>\n<ul class='children'>\n\t<li class=\"cat-item cat-item-37\"><a href=\"https:\/\/tacarc.org\/info\/category\/tac\/tac-initiation\/\">TAC Initiation<\/a>\n<\/li>\n\t<li class=\"cat-item cat-item-15\"><a href=\"https:\/\/tacarc.org\/info\/category\/tac\/tac-membres\/\">TAC membres<\/a>\n<\/li>\n\t<li class=\"cat-item cat-item-18\"><a href=\"https:\/\/tacarc.org\/info\/category\/tac\/tac-terrain\/\">TAC terrain<\/a>\n<\/li>\n<\/ul>\n<\/li>\n<\/ul><\/div>\n","protected":false},"excerpt":{"rendered":"<p>Vie du club Pour les d\u00e9butants, l'inscription au cours d'initiation est prise en septembre, de pr\u00e9f\u00e9rence dans le gymnase Gironis. Les archers exp\u00e9riment\u00e9s peuvent adh\u00e9rer \u00e0 tout moment de l'ann\u00e9e. Comment rencontrer les archers du TAC? contact Quelle est la &hellip; <a href=\"https:\/\/tacarc.org\/info\/inauguration-du-terrain-de-pech-david-24-novembre-2007\/\">Continuer la lecture <span class=\"meta-nav\">&rarr;<\/span><\/a><\/p>\n","protected":false},"author":2,"featured_media":895,"parent":2,"menu_order":0,"comment_status":"open","ping_status":"open","template":"","meta":{"footnotes":""},"class_list":["post-14","page","type-page","status-publish","has-post-thumbnail","hentry"],"jetpack_sharing_enabled":true,"_links":{"self":[{"href":"https:\/\/tacarc.org\/info\/wp-json\/wp\/v2\/pages\/14","targetHints":{"allow":["GET"]}}],"collection":[{"href":"https:\/\/tacarc.org\/info\/wp-json\/wp\/v2\/pages"}],"about":[{"href":"https:\/\/tacarc.org\/info\/wp-json\/wp\/v2\/types\/page"}],"author":[{"embeddable":true,"href":"https:\/\/tacarc.org\/info\/wp-json\/wp\/v2\/users\/2"}],"replies":[{"embeddable":true,"href":"https:\/\/tacarc.org\/info\/wp-json\/wp\/v2\/comments?post=14"}],"version-history":[{"count":0,"href":"https:\/\/tacarc.org\/info\/wp-json\/wp\/v2\/pages\/14\/revisions"}],"up":[{"embeddable":true,"href":"https:\/\/tacarc.org\/info\/wp-json\/wp\/v2\/pages\/2"}],"wp:featuredmedia":[{"embeddable":true,"href":"https:\/\/tacarc.org\/info\/wp-json\/wp\/v2\/media\/895"}],"wp:attachment":[{"href":"https:\/\/tacarc.org\/info\/wp-json\/wp\/v2\/media?parent=14"}],"curies":[{"name":"wp","href":"https:\/\/api.w.org\/{rel}","templated":true}]}}