
{"id":1365,"date":"2014-02-24T18:29:11","date_gmt":"2014-02-24T17:29:11","guid":{"rendered":"http:\/\/tacarc.org\/info\/?page_id=1365"},"modified":"2020-09-06T21:56:00","modified_gmt":"2020-09-06T19:56:00","slug":"techniques-des-archers","status":"publish","type":"page","link":"https:\/\/tacarc.org\/info\/archerie\/techniques-des-archers\/","title":{"rendered":"Techniques des archers"},"content":{"rendered":"<div id=\"ez-toc-container\" class=\"ez-toc-v2_0_80 counter-hierarchy ez-toc-counter ez-toc-grey ez-toc-container-direction\">\n<div class=\"ez-toc-title-container\">\n<p class=\"ez-toc-title\" style=\"cursor:inherit\">Sommaire<\/p>\n<span class=\"ez-toc-title-toggle\"><a href=\"#\" class=\"ez-toc-pull-right ez-toc-btn ez-toc-btn-xs ez-toc-btn-default ez-toc-toggle\" aria-label=\"Toggle Table of Content\"><span class=\"ez-toc-js-icon-con\"><span class=\"\"><span class=\"eztoc-hide\" style=\"display:none;\">Toggle<\/span><span class=\"ez-toc-icon-toggle-span\"><svg style=\"fill: #999;color:#999\" xmlns=\"http:\/\/www.w3.org\/2000\/svg\" class=\"list-377408\" width=\"20px\" height=\"20px\" viewBox=\"0 0 24 24\" fill=\"none\"><path d=\"M6 6H4v2h2V6zm14 0H8v2h12V6zM4 11h2v2H4v-2zm16 0H8v2h12v-2zM4 16h2v2H4v-2zm16 0H8v2h12v-2z\" fill=\"currentColor\"><\/path><\/svg><svg style=\"fill: #999;color:#999\" class=\"arrow-unsorted-368013\" xmlns=\"http:\/\/www.w3.org\/2000\/svg\" width=\"10px\" height=\"10px\" viewBox=\"0 0 24 24\" version=\"1.2\" baseProfile=\"tiny\"><path d=\"M18.2 9.3l-6.2-6.3-6.2 6.3c-.2.2-.3.4-.3.7s.1.5.3.7c.2.2.4.3.7.3h11c.3 0 .5-.1.7-.3.2-.2.3-.5.3-.7s-.1-.5-.3-.7zM5.8 14.7l6.2 6.3 6.2-6.3c.2-.2.3-.5.3-.7s-.1-.5-.3-.7c-.2-.2-.4-.3-.7-.3h-11c-.3 0-.5.1-.7.3-.2.2-.3.5-.3.7s.1.5.3.7z\"\/><\/svg><\/span><\/span><\/span><\/a><\/span><\/div>\n<nav><ul class='ez-toc-list ez-toc-list-level-1 ' ><li class='ez-toc-page-1 ez-toc-heading-level-3'><a class=\"ez-toc-link ez-toc-heading-1\" href=\"https:\/\/tacarc.org\/info\/archerie-conseils\/#Conseils_a_suivre\" >Conseils \u00e0 suivre<\/a><ul class='ez-toc-list-level-4' ><li class='ez-toc-heading-level-4'><a class=\"ez-toc-link ez-toc-heading-2\" href=\"https:\/\/tacarc.org\/info\/archerie-conseils\/#preconisations_FFTA\" >pr\u00e9conisations FFTA<\/a><\/li><li class='ez-toc-page-1 ez-toc-heading-level-4'><a class=\"ez-toc-link ez-toc-heading-3\" href=\"https:\/\/tacarc.org\/info\/archerie-conseils\/#Conseils_divers\" >Conseils divers<\/a><\/li><\/ul><\/li><li class='ez-toc-page-1 ez-toc-heading-level-3'><a class=\"ez-toc-link ez-toc-heading-4\" href=\"https:\/\/tacarc.org\/info\/archerie-conseils\/#_Conseils_a_ne_pas_suivre\" >\u00a0Conseils \u00e0 ne pas suivre<\/a><\/li><li class='ez-toc-page-1 ez-toc-heading-level-3'><a class=\"ez-toc-link ez-toc-heading-5\" href=\"https:\/\/tacarc.org\/info\/archerie-conseils\/#Initiation\" >Initiation<\/a><\/li><li class='ez-toc-page-1 ez-toc-heading-level-3'><a class=\"ez-toc-link ez-toc-heading-6\" href=\"https:\/\/tacarc.org\/info\/archerie-conseils\/#Articles_sur_le_materiel\" >Articles sur le mat\u00e9riel<\/a><\/li><\/ul><\/nav><\/div>\n<h1>Les techniques de r\u00e9f\u00e9rence<\/h1>\n<p>Avant de devenir un archer h\u00e9r\u00e9tique, inspirez-vous d'abord des techniques de r\u00e9f\u00e9rence:<\/p>\n<blockquote><p><strong><a href=\"https:\/\/tacarc.org\/info\/desespoir_laurent2\/\"><img loading=\"lazy\" decoding=\"async\" class=\"wp-image-2120 alignright\" title=\"l'archer prend sa bouteille dans sa musette pour se d\u00e9salt\u00e9rer abondamment\" src=\"https:\/\/tacarc.org\/info\/wp-content\/uploads\/2020\/09\/desespoir_laurent2.jpg\" alt=\"l'archer prend sa bouteille dans sa musette pour se d\u00e9salt\u00e9rer abondamment\" width=\"246\" height=\"292\" srcset=\"https:\/\/tacarc.org\/info\/wp-content\/uploads\/2020\/09\/desespoir_laurent2.jpg 571w, https:\/\/tacarc.org\/info\/wp-content\/uploads\/2020\/09\/desespoir_laurent2-253x300.jpg 253w\" sizes=\"auto, (max-width: 246px) 100vw, 246px\" \/><\/a>FFTA <\/strong><\/p>\n<ul>\n<li><a href=\"http:\/\/www.tacarc.org\/archerie\/doc\/1_conseils.pdf\" target=\"_blank\" rel=\"noopener noreferrer\">7 conseil capitaux \u00e0 ceux qui enseignent le tir \u00e0 l'arc<\/a><\/li>\n<li><a href=\"http:\/\/www.tacarc.org\/archerie\/doc\/2_heracles.pdf\" target=\"_blank\" rel=\"noopener noreferrer\">maitriser son arc gr\u00e2ce \u00e0 la pr\u00e9paration physique<\/a><\/li>\n<li><a href=\"http:\/\/www.tacarc.org\/archerie\/doc\/3_mouvement.pdf\" target=\"_blank\" rel=\"noopener noreferrer\">l'apprentissage du mouvement<\/a><\/li>\n<li><a href=\"http:\/\/www.tacarc.org\/archerie\/doc\/4_coree.pdf\" target=\"_blank\" rel=\"noopener noreferrer\">le tir \u00e0 l'arc en Cor\u00e9e<\/a><\/li>\n<li><a href=\"http:\/\/www.tacarc.org\/archerie\/doc\/5_elastique.pdf\" target=\"_blank\" rel=\"noopener noreferrer\">\u00e9lastique et tir \u00e0 l'arc<\/a><\/li>\n<li><a title=\"Omoplates\" href=\"http:\/\/www.tacarc.org\/archerie\/doc\/6_omoplates.pdf\" target=\"_blank\" rel=\"noopener noreferrer\">le placement des omoplates pour une meilleure qualit\u00e9 de tir<\/a><\/li>\n<\/ul>\n<p><em>Les <\/em>conseils du TAC<\/p>\n<p><em><a title=\"La m\u00e9thode f\u00e9d\u00e9rale, en route pour la performance\" href=\"http:\/\/tacarc.org\/info\/?p=997\">M\u00e9thode f\u00e9d\u00e9rale : en route pour la performance<br \/>\n<\/a><a title=\"Planning Initiation 2013-2014\" href=\"http:\/\/tacarc.org\/info\/?p=881\">Planning initiation TAC<\/a><\/em><\/p><\/blockquote>\n<p>Autres r\u00e9f\u00e9rences:<\/p>\n<ul>\n<li><strong>le cycle de tir KSL<\/strong> <a href=\"http:\/\/www.kslinternationalarchery.com\/Technique\/KSLShotCycle\/KSLShotCycle-French.html\" target=\"_blank\" rel=\"noopener noreferrer\">http:\/\/www.kslinternationalarchery.com\/Technique\/KSLShotCycle\/KSLShotCycle-French.html<\/a><\/li>\n<li><a title=\"La carri\u00e8re d'archer de Darrell Pace\" href=\"http:\/\/mapage.noos.fr\/ltikf\/texte\/d_pace.htm\" target=\"_blank\" rel=\"noopener noreferrer\">Darrell Pace<\/a>: la technique invisible en tir classique <a title=\"Darrel pace: la technique invisible\" href=\"http:\/\/www.integralsport.com\/viewtopic.php?t=29421\" target=\"_blank\" rel=\"noopener noreferrer\">http:\/\/www.integralsport.com\/viewtopic.php?t=29421<\/a><\/li>\n<li><strong>recurve archers reference guide<\/strong> by Muray Elliot <a title=\"http:\/\/www.archersreference.co.uk\/\" href=\"http:\/\/www.archersreference.co.uk\/\" rel=\"nofollow\">http:\/\/www.archersreference.co.uk\/<\/a> (<a href=\"http:\/\/www.archersreference.pwp.blueyonder.co.uk\/archref_05.pdf\" target=\"_blank\" rel=\"noopener noreferrer\">document pdf<\/a>)<\/li>\n<li><strong>Technique pour poulies<\/strong><br \/>\nles trucs de Pierrot (<a href=\"http:\/\/www.pjdeloche.com\/fr\/mes-astuces-et-conseils\" target=\"_blank\" rel=\"noopener noreferrer\">PJ Deloche<\/a>)<\/li>\n<li><a href=\"http:\/\/tacarc.org\/info\/?p=49#technique\">liens utiles<\/a><\/li>\n<\/ul>\n<p><em>\u00a0Articles sur tacarc.org\/info<\/em><\/p>\n<h4><em>Mat\u00e9riel<\/em><\/h4>\n<p><em><ul><li><a href='https:\/\/tacarc.org\/info\/reglage-viseur-apres-deux-dereglages\/'>R\u00e9glage viseur apr\u00e8s deux d\u00e9r\u00e9glages<\/a><\/li><li><a href='https:\/\/tacarc.org\/info\/la-tenue-de-larcher-tir-exterieur-et-parcours\/'>La tenue de l'archer - tir ext\u00e9rieur et parcours<\/a><\/li><li><a href='https:\/\/tacarc.org\/info\/montage-de-fleches\/'>Montage de fl\u00e8ches<\/a><\/li><li><a href='https:\/\/tacarc.org\/info\/materiel-a-vendre-petites-annonces\/'>Mat\u00e9riel \u00e0 vendre - petites annonces<\/a><\/li><li><a href='https:\/\/tacarc.org\/info\/conformite-du-materiel\/'>Conformit\u00e9 du mat\u00e9riel<\/a><\/li><li><a href='https:\/\/tacarc.org\/info\/performance-archery-english\/'>Performance Archery (English)<\/a><\/li><li><a href='https:\/\/tacarc.org\/info\/une-methode-pour-monter-les-plumes-spin-wing-avec-une-empenneuse\/'>Une m\u00e9thode pour monter les plumes SPIN-WING avec une empenneuse<\/a><\/li><li><a href='https:\/\/tacarc.org\/info\/maillot-tac-arc-2013\/'>Maillot du TAC tir \u00e0 l'arc 2013<\/a><\/li><li><a href='https:\/\/tacarc.org\/info\/acquisition-materiel-intiation\/'>Initiation et mat\u00e9riel d'archerie - les \u00e9tapes d'int\u00e9gration au TAC<\/a><\/li><li><a href='https:\/\/tacarc.org\/info\/videos-technique\/'>Vid\u00e9os - technique<\/a><\/li><li><a href='https:\/\/tacarc.org\/info\/liens-utiles\/'>Liens utiles<\/a><\/li><\/ul><\/em><\/p>\n<h4><em>Initiation<\/em><\/h4>\n<p><em><ul><li><a href='https:\/\/tacarc.org\/info\/precision-et-score\/'>Pr\u00e9cision et score<\/a><\/li><li><a href='https:\/\/tacarc.org\/info\/planning-initiation-2013-2014\/'>Planning Initiation 2013-2014<\/a><\/li><li><a href='https:\/\/tacarc.org\/info\/maillot-tac-arc-2013\/'>Maillot du TAC tir \u00e0 l'arc 2013<\/a><\/li><li><a href='https:\/\/tacarc.org\/info\/acquisition-materiel-intiation\/'>Initiation et mat\u00e9riel d'archerie - les \u00e9tapes d'int\u00e9gration au TAC<\/a><\/li><li><a href='https:\/\/tacarc.org\/info\/videos-technique\/'>Vid\u00e9os - technique<\/a><\/li><li><a href='https:\/\/tacarc.org\/info\/liens-utiles\/'>Liens utiles<\/a><\/li><\/ul><\/em><\/p>\n<h4><em>Conseils<\/em><\/h4>\n<p><em><ul><li><a href='https:\/\/tacarc.org\/info\/precision-et-score\/'>Pr\u00e9cision et score<\/a><\/li><li><a href='https:\/\/tacarc.org\/info\/la-tenue-de-larcher-tir-exterieur-et-parcours\/'>La tenue de l'archer - tir ext\u00e9rieur et parcours<\/a><\/li><li><a href='https:\/\/tacarc.org\/info\/montage-de-fleches\/'>Montage de fl\u00e8ches<\/a><\/li><li><a href='https:\/\/tacarc.org\/info\/performance-archery-english\/'>Performance Archery (English)<\/a><\/li><li><a href='https:\/\/tacarc.org\/info\/une-methode-pour-monter-les-plumes-spin-wing-avec-une-empenneuse\/'>Une m\u00e9thode pour monter les plumes SPIN-WING avec une empenneuse<\/a><\/li><li><a href='https:\/\/tacarc.org\/info\/acquisition-materiel-intiation\/'>Initiation et mat\u00e9riel d'archerie - les \u00e9tapes d'int\u00e9gration au TAC<\/a><\/li><li><a href='https:\/\/tacarc.org\/info\/videos-technique\/'>Vid\u00e9os - technique<\/a><\/li><li><a href='https:\/\/tacarc.org\/info\/liens-utiles\/'>Liens utiles<\/a><\/li><li><a href='https:\/\/tacarc.org\/info\/archerie-conseils\/'>Archerie: conseils FFTA et \u00e9cole de tir<\/a><\/li><\/ul><\/em><\/p>\n<h4>Conseils \u00e0 ne pas suivre<\/h4>\n<div id=\"fb-root\"><\/div>\n<p><script>\/\/ <![CDATA[ (function(d, s, id) { var js, fjs = d.getElementsByTagName(s)[0]; if (d.getElementById(id)) return; js = d.createElement(s); js.id = id; js.src = \"\/\/connect.facebook.net\/fr_FR\/all.js#xfbml=1\"; fjs.parentNode.insertBefore(js, fjs); }(document, 'script', 'facebook-jssdk')); \/\/ ]]><\/script><\/p>\n<div class=\"fb-post\" data-href=\"https:\/\/www.facebook.com\/media\/set\/?set=a.615326595200948.1073741836.373412726059004&amp;type=1\" data-width=\"466\">\n<div class=\"fb-xfbml-parse-ignore\"><a href=\"https:\/\/www.facebook.com\/media\/set\/?set=a.615326595200948.1073741836.373412726059004&amp;type=1\">Message sur le mur<\/a> by <a href=\"https:\/\/www.facebook.com\/tacarc31\">TAC Tir \u00e0 l'arc Toulouse<\/a>.<\/div>\n<\/div>\n<p>&nbsp;<\/p>\n","protected":false},"excerpt":{"rendered":"<p>Les techniques de r\u00e9f\u00e9rence Avant de devenir un archer h\u00e9r\u00e9tique, inspirez-vous d'abord des techniques de r\u00e9f\u00e9rence: FFTA 7 conseil capitaux \u00e0 ceux qui enseignent le tir \u00e0 l'arc maitriser son arc gr\u00e2ce \u00e0 la pr\u00e9paration physique l'apprentissage du mouvement le &hellip; <a href=\"https:\/\/tacarc.org\/info\/liens-utiles\/\">Continuer la lecture <span class=\"meta-nav\">&rarr;<\/span><\/a><\/p>\n","protected":false},"author":2,"featured_media":1279,"parent":1018,"menu_order":0,"comment_status":"closed","ping_status":"open","template":"","meta":{"footnotes":""},"class_list":["post-1365","page","type-page","status-publish","has-post-thumbnail","hentry"],"jetpack_sharing_enabled":true,"_links":{"self":[{"href":"https:\/\/tacarc.org\/info\/wp-json\/wp\/v2\/pages\/1365","targetHints":{"allow":["GET"]}}],"collection":[{"href":"https:\/\/tacarc.org\/info\/wp-json\/wp\/v2\/pages"}],"about":[{"href":"https:\/\/tacarc.org\/info\/wp-json\/wp\/v2\/types\/page"}],"author":[{"embeddable":true,"href":"https:\/\/tacarc.org\/info\/wp-json\/wp\/v2\/users\/2"}],"replies":[{"embeddable":true,"href":"https:\/\/tacarc.org\/info\/wp-json\/wp\/v2\/comments?post=1365"}],"version-history":[{"count":0,"href":"https:\/\/tacarc.org\/info\/wp-json\/wp\/v2\/pages\/1365\/revisions"}],"up":[{"embeddable":true,"href":"https:\/\/tacarc.org\/info\/wp-json\/wp\/v2\/pages\/1018"}],"wp:featuredmedia":[{"embeddable":true,"href":"https:\/\/tacarc.org\/info\/wp-json\/wp\/v2\/media\/1279"}],"wp:attachment":[{"href":"https:\/\/tacarc.org\/info\/wp-json\/wp\/v2\/media?parent=1365"}],"curies":[{"name":"wp","href":"https:\/\/api.w.org\/{rel}","templated":true}]}}