
{"id":1112,"date":"2013-09-11T19:28:58","date_gmt":"2013-09-11T17:28:58","guid":{"rendered":"http:\/\/tacarc.org\/info\/?page_id=1112"},"modified":"2017-01-13T13:32:22","modified_gmt":"2017-01-13T12:32:22","slug":"calendrier-des-concours","status":"publish","type":"page","link":"https:\/\/tacarc.org\/info\/arbitrage\/calendrier-des-concours\/","title":{"rendered":"Calendrier des concours"},"content":{"rendered":"<p style=\"text-align: left;\"><a title=\"calandriers des concours dans la ligue Midi-Pyr\u00e9n\u00e9es\" href=\"http:\/\/www.cd31arc.fr\/calendrier\" target=\"_blank\">Calendrier CD31 comit\u00e9 d\u00e9partemental de Haute-Garonne<\/a><\/p>\n<ul>\n<li><strong>calendrier 2016<\/strong> <a href=\"http:\/\/www.tacarc.org\/doc\/Calendrier_competitions_Ete_2016_Ligue_MP.pdf\">Concours Et\u00e9 2016 ligue MP<\/a> \u00a0 \u00a0 \u00a0 \u00a0\u00a0 <a href=\"http:\/\/www.tacarc.org\/doc\/2016_concours_ligue-MP_hiver.pdf\">dates hiver 2016<\/a><\/li>\n<\/ul>\n<ul>\n<li><a title=\"calandrier hiver 2015 publi\u00e9 par la ligue\" href=\"http:\/\/www.ligue-mp-tiralarc.fr\/calendrier-hiver-2015.html\" target=\"_blank\">mandats saison hiver 2015<\/a>\u00a0 <a href=\"http:\/\/www.tacarc.org\/doc\/calendrier\/20150101_calendrier_exterieur_2015.pdf\" target=\"_blank\">dates \u00e9t\u00e9 2015<\/a><\/li>\n<li><a title=\"http:\/\/www.ligue-mp-tiralarc.fr\/spip.php?article468\" href=\"http:\/\/www.ligue-mp-tiralarc.fr\/spip.php?article468\" target=\"_blank\">mandats et r\u00e9sultats des concours \u00e9t\u00e9 2014<\/a> de la ligue MP,\u00a0 <a title=\"calendrier \u00e9t\u00e9 2014 ligue Midi-Pyr\u00e9n\u00e9es\" href=\"http:\/\/www.tacarc.org\/doc\/calendrier_concours_ete2014_midi-pyrenees.pdf\" target=\"_blank\">calendrier \u00e9t\u00e9 2014 (pdf)<\/a><\/li>\n<li>calendrier salle 2015: <a href=\"http:\/\/www.tacarc.org\/doc\/calendrier\/20140501_calendrier_salle_2015.pdf\" target=\"_blank\">candidatures MP<\/a><\/li>\n<li><a title=\"calandrier de la saison hiver 2013-2014 dans la ligue Midi-Pyr\u00e9n\u00e9es\" href=\"http:\/\/www.ligue-mp-tiralarc.fr\/spip.php?article442\" target=\"_blank\">calendrier hiver 2014 <\/a><\/li>\n<\/ul>\n<p>Calendriers des concours<\/p>\n<ul>\n<li>de <a title=\"arc-acquitaine.org\" href=\"http:\/\/www.arc-aquitaine.org\/page\/comp%C3%A9titions\" target=\"_blank\">la ligue Aquitaine<\/a><\/li>\n<li>de la <a title=\"tiralarclanguedocroussillon.fr\" href=\"http:\/\/www.tiralarclanguedocroussillon.fr\/?page_id=127\" target=\"_blank\">ligue Languedoc-Roussillon<\/a><\/li>\n<li>de la <a title=\"club.quomodo.com\/limousinarc\/\" href=\"http:\/\/club.quomodo.com\/limousinarc\/concours\/calendriers.html\" target=\"_blank\">ligue Limousin<\/a>,<\/li>\n<\/ul>\n<p>Suivi des concours TAC: <a title=\"suivi des concours TAC\" href=\"http:\/\/www.tacarc.org\/competition\/\">www.tacarc.org\/competition\/<\/a> \u00a0 <!--more--><\/p>\n<h3>Agenda du TAC<\/h3>\n<p><iframe loading=\"lazy\" style=\"border-width: 0;\" src=\"https:\/\/www.google.com\/calendar\/embed?showTitle=0&amp;showNav=0&amp;showPrint=0&amp;showTabs=0&amp;showCalendars=0&amp;showTz=0&amp;mode=AGENDA&amp;height=250&amp;wkst=2&amp;bgcolor=%23FFFFFF\n&amp;src=tacarc31%40gmail.com&amp;color=%23A32900\n&amp;src=cd31tirarc%40gmail.com&amp;color=%23A32929\n&amp;ctz=Europe%2FParis\" width=\"600\" height=\"300\" frameborder=\"0\" scrolling=\"no\"><\/iframe><\/p>\n<p><!-- Facebook --><\/p>\n<div class=\"fb-like-box\" data-href=\"http:\/\/www.facebook.com\/tacarc.membres\" data-width=\"600\" data-height=\"600\" data-show-faces=\"false\" data-border-color=\"#FFF\" data-stream=\"true\" data-header=\"false\">\u00a0<\/div>\n<div id=\"fb-root\">\u00a0<\/div>\n<p><script>\/\/ <![CDATA[ \/\/ Load the SDK Asynchronously (function(d){ var js, id = 'facebook-jssdk', ref = d.getElementsByTagName('script')[0]; if (d.getElementById(id)) {return;} js = d.createElement('script'); js.id = id; js.async = true; js.src = \"\/\/connect.facebook.net\/en_US\/all.js#xfbml=1\"; ref.parentNode.insertBefore(js, ref); }(document)); \/\/ ]]><\/script><\/p>\n","protected":false},"excerpt":{"rendered":"<p>Calendrier CD31 comit\u00e9 d\u00e9partemental de Haute-Garonne calendrier 2016 Concours Et\u00e9 2016 ligue MP \u00a0 \u00a0 \u00a0 \u00a0\u00a0 dates hiver 2016 mandats saison hiver 2015\u00a0 dates \u00e9t\u00e9 2015 mandats et r\u00e9sultats des concours \u00e9t\u00e9 2014 de la ligue MP,\u00a0 calendrier \u00e9t\u00e9 &hellip; <a href=\"https:\/\/tacarc.org\/info\/arbitrage\/calendrier-des-concours\/\">Continuer la lecture <span class=\"meta-nav\">&rarr;<\/span><\/a><\/p>\n","protected":false},"author":2,"featured_media":824,"parent":461,"menu_order":0,"comment_status":"closed","ping_status":"open","template":"","meta":{"footnotes":""},"class_list":["post-1112","page","type-page","status-publish","has-post-thumbnail","hentry"],"jetpack_sharing_enabled":true,"_links":{"self":[{"href":"https:\/\/tacarc.org\/info\/wp-json\/wp\/v2\/pages\/1112","targetHints":{"allow":["GET"]}}],"collection":[{"href":"https:\/\/tacarc.org\/info\/wp-json\/wp\/v2\/pages"}],"about":[{"href":"https:\/\/tacarc.org\/info\/wp-json\/wp\/v2\/types\/page"}],"author":[{"embeddable":true,"href":"https:\/\/tacarc.org\/info\/wp-json\/wp\/v2\/users\/2"}],"replies":[{"embeddable":true,"href":"https:\/\/tacarc.org\/info\/wp-json\/wp\/v2\/comments?post=1112"}],"version-history":[{"count":0,"href":"https:\/\/tacarc.org\/info\/wp-json\/wp\/v2\/pages\/1112\/revisions"}],"up":[{"embeddable":true,"href":"https:\/\/tacarc.org\/info\/wp-json\/wp\/v2\/pages\/461"}],"wp:featuredmedia":[{"embeddable":true,"href":"https:\/\/tacarc.org\/info\/wp-json\/wp\/v2\/media\/824"}],"wp:attachment":[{"href":"https:\/\/tacarc.org\/info\/wp-json\/wp\/v2\/media?parent=1112"}],"curies":[{"name":"wp","href":"https:\/\/api.w.org\/{rel}","templated":true}]}}