
{"id":1018,"date":"2013-09-04T15:58:40","date_gmt":"2013-09-04T13:58:40","guid":{"rendered":"http:\/\/tacarc.org\/info\/?page_id=1018"},"modified":"2020-09-06T21:04:04","modified_gmt":"2020-09-06T19:04:04","slug":"archerie","status":"publish","type":"page","link":"https:\/\/tacarc.org\/info\/archerie\/","title":{"rendered":"Archerie"},"content":{"rendered":"<div id=\"ez-toc-container\" class=\"ez-toc-v2_0_80 counter-hierarchy ez-toc-counter ez-toc-grey ez-toc-container-direction\">\n<div class=\"ez-toc-title-container\">\n<p class=\"ez-toc-title\" style=\"cursor:inherit\">Sommaire<\/p>\n<span class=\"ez-toc-title-toggle\"><a href=\"#\" class=\"ez-toc-pull-right ez-toc-btn ez-toc-btn-xs ez-toc-btn-default ez-toc-toggle\" aria-label=\"Toggle Table of Content\"><span class=\"ez-toc-js-icon-con\"><span class=\"\"><span class=\"eztoc-hide\" style=\"display:none;\">Toggle<\/span><span class=\"ez-toc-icon-toggle-span\"><svg style=\"fill: #999;color:#999\" xmlns=\"http:\/\/www.w3.org\/2000\/svg\" class=\"list-377408\" width=\"20px\" height=\"20px\" viewBox=\"0 0 24 24\" fill=\"none\"><path d=\"M6 6H4v2h2V6zm14 0H8v2h12V6zM4 11h2v2H4v-2zm16 0H8v2h12v-2zM4 16h2v2H4v-2zm16 0H8v2h12v-2z\" fill=\"currentColor\"><\/path><\/svg><svg style=\"fill: #999;color:#999\" class=\"arrow-unsorted-368013\" xmlns=\"http:\/\/www.w3.org\/2000\/svg\" width=\"10px\" height=\"10px\" viewBox=\"0 0 24 24\" version=\"1.2\" baseProfile=\"tiny\"><path d=\"M18.2 9.3l-6.2-6.3-6.2 6.3c-.2.2-.3.4-.3.7s.1.5.3.7c.2.2.4.3.7.3h11c.3 0 .5-.1.7-.3.2-.2.3-.5.3-.7s-.1-.5-.3-.7zM5.8 14.7l6.2 6.3 6.2-6.3c.2-.2.3-.5.3-.7s-.1-.5-.3-.7c-.2-.2-.4-.3-.7-.3h-11c-.3 0-.5.1-.7.3-.2.2-.3.5-.3.7s.1.5.3.7z\"\/><\/svg><\/span><\/span><\/span><\/a><\/span><\/div>\n<nav><ul class='ez-toc-list ez-toc-list-level-1 ' ><li class='ez-toc-page-1 ez-toc-heading-level-3'><a class=\"ez-toc-link ez-toc-heading-1\" href=\"https:\/\/tacarc.org\/info\/archerie-conseils\/#Conseils_a_suivre\" >Conseils \u00e0 suivre<\/a><ul class='ez-toc-list-level-4' ><li class='ez-toc-heading-level-4'><a class=\"ez-toc-link ez-toc-heading-2\" href=\"https:\/\/tacarc.org\/info\/archerie-conseils\/#preconisations_FFTA\" >pr\u00e9conisations FFTA<\/a><\/li><li class='ez-toc-page-1 ez-toc-heading-level-4'><a class=\"ez-toc-link ez-toc-heading-3\" href=\"https:\/\/tacarc.org\/info\/archerie-conseils\/#Conseils_divers\" >Conseils divers<\/a><\/li><\/ul><\/li><li class='ez-toc-page-1 ez-toc-heading-level-3'><a class=\"ez-toc-link ez-toc-heading-4\" href=\"https:\/\/tacarc.org\/info\/archerie-conseils\/#_Conseils_a_ne_pas_suivre\" >\u00a0Conseils \u00e0 ne pas suivre<\/a><\/li><li class='ez-toc-page-1 ez-toc-heading-level-3'><a class=\"ez-toc-link ez-toc-heading-5\" href=\"https:\/\/tacarc.org\/info\/archerie-conseils\/#Initiation\" >Initiation<\/a><\/li><li class='ez-toc-page-1 ez-toc-heading-level-3'><a class=\"ez-toc-link ez-toc-heading-6\" href=\"https:\/\/tacarc.org\/info\/archerie-conseils\/#Articles_sur_le_materiel\" >Articles sur le mat\u00e9riel<\/a><\/li><\/ul><\/nav><\/div>\n<p><em>L'archerie est l'usage de l'arc ou l'exercice du tir \u00e0 l'arc.<\/em><\/p>\n<p>Cette rubrique et sections associ\u00e9es indiquent quelques conseils et informations utiles pour la pratique du tir \u00e0 l'arc.<\/p>\n<ul>\n<li>\n<h4>pr\u00e9conisations<\/h4>\n<ol>\n<li><a href=\"http:\/\/www.tacarc.org\/archerie\/doc\/1_conseils.pdf\" target=\"_blank\" rel=\"noopener noreferrer\">7 conseil capitaux \u00e0 ceux qui enseignent le tir \u00e0 l'arc<\/a><\/li>\n<li><a href=\"http:\/\/www.tacarc.org\/archerie\/doc\/2_heracles.pdf\" target=\"_blank\" rel=\"noopener noreferrer\">maitriser son arc gr\u00e2ce \u00e0 la pr\u00e9paration physique<\/a><\/li>\n<li><a href=\"http:\/\/www.tacarc.org\/archerie\/doc\/3_mouvement.pdf\" target=\"_blank\" rel=\"noopener noreferrer\">l'apprentissage du mouvement<\/a><\/li>\n<li><a href=\"http:\/\/www.tacarc.org\/archerie\/doc\/4_coree.pdf\" target=\"_blank\" rel=\"noopener noreferrer\">le tir \u00e0 l'arc en Cor\u00e9e<\/a><\/li>\n<li><a href=\"http:\/\/www.tacarc.org\/archerie\/doc\/5_elastique.pdf\" target=\"_blank\" rel=\"noopener noreferrer\">\u00e9lastique et tir \u00e0 l'arc<\/a><\/li>\n<li><a href=\"http:\/\/www.tacarc.org\/archerie\/doc\/6_omoplates.pdf\" target=\"_blank\" rel=\"noopener noreferrer\">le placement des omoplates pour une meilleure qualit\u00e9 de tir<\/a><\/li>\n<li><a href=\"http:\/\/www.tacarc.org\/archerie\/doc\/7_arcclassique.pdf\" target=\"_blank\" rel=\"noopener noreferrer\">je r\u00e8gle mon arc classique<\/a><\/li>\n<li><a href=\"http:\/\/www.tacarc.org\/archerie\/doc\/8_arcapoulies.pdf\" target=\"_blank\" rel=\"noopener noreferrer\">je r\u00e8gle mon arc \u00e0 poulies<\/a><\/li>\n<\/ol>\n<\/li>\n<\/ul>\n<p>R\u00e9f\u00e9rences FFTA, World Archery: <a href=\"https:\/\/arc-occitanie.fr\/formation\/archers\/\">https:\/\/arc-occitanie.fr\/formation\/archers\/<\/a><\/p>\n<p><a name=\"initiation\"><\/a><\/p>\n<h3><span class=\"ez-toc-section\" id=\"Initiation\"><\/span>Initiation<span class=\"ez-toc-section-end\"><\/span><\/h3>\n<ul><li><a href='https:\/\/tacarc.org\/info\/precision-et-score\/'>Pr\u00e9cision et score<\/a><\/li><li><a href='https:\/\/tacarc.org\/info\/planning-initiation-2013-2014\/'>Planning Initiation 2013-2014<\/a><\/li><li><a href='https:\/\/tacarc.org\/info\/maillot-tac-arc-2013\/'>Maillot du TAC tir \u00e0 l'arc 2013<\/a><\/li><li><a href='https:\/\/tacarc.org\/info\/acquisition-materiel-intiation\/'>Initiation et mat\u00e9riel d'archerie - les \u00e9tapes d'int\u00e9gration au TAC<\/a><\/li><li><a href='https:\/\/tacarc.org\/info\/videos-technique\/'>Vid\u00e9os - technique<\/a><\/li><li><a href='https:\/\/tacarc.org\/info\/liens-utiles\/'>Liens utiles<\/a><\/li><\/ul>\n<p><a name=\"archerie\"><\/a><\/p>\n<h3>Articles archerie<\/h3>\n<ul><li><a href='https:\/\/tacarc.org\/info\/passage-fleches\/'>passage de fl\u00e8ches<\/a><\/li><li><a href='https:\/\/tacarc.org\/info\/rentree-2025-2026\/'>Rentr\u00e9e 2025-2026<\/a><\/li><li><a href='https:\/\/tacarc.org\/info\/maillot-tac-2025\/'>Maillot TAC 2025<\/a><\/li><li><a href='https:\/\/tacarc.org\/info\/rentree\/'>Rentr\u00e9e<\/a><\/li><li><a href='https:\/\/tacarc.org\/info\/rentree-2022-2023\/'>Rentr\u00e9e 2022-2023<\/a><\/li><li><a href='https:\/\/tacarc.org\/info\/henri-dedieu-champion-nimes-2022\/'>Henri DEDIEU m\u00e9daille d'or en arc nu au tournoi international de N\u00eemes 2022<\/a><\/li><li><a href='https:\/\/tacarc.org\/info\/saison-2021-2022\/'>saison 2021-2022<\/a><\/li><li><a href='https:\/\/tacarc.org\/info\/challenge-entrainement\/'>Challenge d'entra\u00eenement<\/a><\/li><li><a href='https:\/\/tacarc.org\/info\/reprise-des-tirs-exterieurs\/'>reprise des tirs ext\u00e9rieurs<\/a><\/li><li><a href='https:\/\/tacarc.org\/info\/telepherique-teleo\/'>T\u00e9l\u00e9ph\u00e9rique T\u00e9l\u00e9o<\/a><\/li><li><a href='https:\/\/tacarc.org\/info\/rentree-2021\/'>rentr\u00e9e 2020-2021<\/a><\/li><li><a href='https:\/\/tacarc.org\/info\/precision-et-score\/'>Pr\u00e9cision et score<\/a><\/li><li><a href='https:\/\/tacarc.org\/info\/licence-ffta-dematerialisee\/'>Licence FFTA d\u00e9mat\u00e9rialis\u00e9e<\/a><\/li><li><a href='https:\/\/tacarc.org\/info\/reglage-viseur-apres-deux-dereglages\/'>R\u00e9glage viseur apr\u00e8s deux d\u00e9r\u00e9glages<\/a><\/li><li><a href='https:\/\/tacarc.org\/info\/la-tenue-de-larcher-tir-exterieur-et-parcours\/'>La tenue de l'archer - tir ext\u00e9rieur et parcours<\/a><\/li><li><a href='https:\/\/tacarc.org\/info\/la-methode-federale-en-route-pour-la-performance\/'>La m\u00e9thode f\u00e9d\u00e9rale, en route pour la performance<\/a><\/li><li><a href='https:\/\/tacarc.org\/info\/montage-de-fleches\/'>Montage de fl\u00e8ches<\/a><\/li><li><a href='https:\/\/tacarc.org\/info\/materiel-a-vendre-petites-annonces\/'>Mat\u00e9riel \u00e0 vendre - petites annonces<\/a><\/li><li><a href='https:\/\/tacarc.org\/info\/sante-et-tir-a-larc-dopage\/'>Sant\u00e9 et Tir \u00e0 l'arc, dopage<\/a><\/li><li><a href='https:\/\/tacarc.org\/info\/toulouse-en-bref\/'>Toulouse en bref...<\/a><\/li><li><a href='https:\/\/tacarc.org\/info\/defi-super-5\/'>Parcours des Etroits: D\u00e9fi Super 5<\/a><\/li><li><a href='https:\/\/tacarc.org\/info\/conformite-du-materiel\/'>Conformit\u00e9 du mat\u00e9riel<\/a><\/li><li><a href='https:\/\/tacarc.org\/info\/securite-lors-dun-concours\/'>s\u00e9curit\u00e9 lors d'un concours<\/a><\/li><li><a href='https:\/\/tacarc.org\/info\/concours-ffta\/'>Concours FFTA<\/a><\/li><li><a href='https:\/\/tacarc.org\/info\/arbitre-ffta\/'>Arbitre FFTA<\/a><\/li><li><a href='https:\/\/tacarc.org\/info\/performance-archery-english\/'>Performance Archery (English)<\/a><\/li><li><a href='https:\/\/tacarc.org\/info\/une-methode-pour-monter-les-plumes-spin-wing-avec-une-empenneuse\/'>Une m\u00e9thode pour monter les plumes SPIN-WING avec une empenneuse<\/a><\/li><li><a href='https:\/\/tacarc.org\/info\/maillot-tac-arc-2013\/'>Maillot du TAC tir \u00e0 l'arc 2013<\/a><\/li><li><a href='https:\/\/tacarc.org\/info\/acquisition-materiel-intiation\/'>Initiation et mat\u00e9riel d'archerie - les \u00e9tapes d'int\u00e9gration au TAC<\/a><\/li><li><a href='https:\/\/tacarc.org\/info\/videos-technique\/'>Vid\u00e9os - technique<\/a><\/li><li><a href='https:\/\/tacarc.org\/info\/video\/'>Vid\u00e9o de championnats et jeux olympiques<\/a><\/li><li><a href='https:\/\/tacarc.org\/info\/liens-utiles\/'>Liens utiles<\/a><\/li><li><a href='https:\/\/tacarc.org\/info\/archerie-conseils\/'>Archerie: conseils FFTA et \u00e9cole de tir<\/a><\/li><\/ul>\n<p><a name=\"materiel\"><\/a><\/p>\n<h3>Mat\u00e9riel<\/h3>\n<ul><li><a href='https:\/\/tacarc.org\/info\/reglage-viseur-apres-deux-dereglages\/'>R\u00e9glage viseur apr\u00e8s deux d\u00e9r\u00e9glages<\/a><\/li><li><a href='https:\/\/tacarc.org\/info\/la-tenue-de-larcher-tir-exterieur-et-parcours\/'>La tenue de l'archer - tir ext\u00e9rieur et parcours<\/a><\/li><li><a href='https:\/\/tacarc.org\/info\/montage-de-fleches\/'>Montage de fl\u00e8ches<\/a><\/li><li><a href='https:\/\/tacarc.org\/info\/materiel-a-vendre-petites-annonces\/'>Mat\u00e9riel \u00e0 vendre - petites annonces<\/a><\/li><li><a href='https:\/\/tacarc.org\/info\/conformite-du-materiel\/'>Conformit\u00e9 du mat\u00e9riel<\/a><\/li><li><a href='https:\/\/tacarc.org\/info\/performance-archery-english\/'>Performance Archery (English)<\/a><\/li><li><a href='https:\/\/tacarc.org\/info\/une-methode-pour-monter-les-plumes-spin-wing-avec-une-empenneuse\/'>Une m\u00e9thode pour monter les plumes SPIN-WING avec une empenneuse<\/a><\/li><li><a href='https:\/\/tacarc.org\/info\/maillot-tac-arc-2013\/'>Maillot du TAC tir \u00e0 l'arc 2013<\/a><\/li><li><a href='https:\/\/tacarc.org\/info\/acquisition-materiel-intiation\/'>Initiation et mat\u00e9riel d'archerie - les \u00e9tapes d'int\u00e9gration au TAC<\/a><\/li><li><a href='https:\/\/tacarc.org\/info\/videos-technique\/'>Vid\u00e9os - technique<\/a><\/li><li><a href='https:\/\/tacarc.org\/info\/liens-utiles\/'>Liens utiles<\/a><\/li><\/ul>\n<p><a name=\"arbitrage\"><\/a><\/p>\n<h3>Arbitrage FFTA<\/h3>\n<ul><li><a href='https:\/\/tacarc.org\/info\/sante-et-tir-a-larc-dopage\/'>Sant\u00e9 et Tir \u00e0 l'arc, dopage<\/a><\/li><li><a href='https:\/\/tacarc.org\/info\/conformite-du-materiel\/'>Conformit\u00e9 du mat\u00e9riel<\/a><\/li><li><a href='https:\/\/tacarc.org\/info\/securite-lors-dun-concours\/'>s\u00e9curit\u00e9 lors d'un concours<\/a><\/li><li><a href='https:\/\/tacarc.org\/info\/concours-ffta\/'>Concours FFTA<\/a><\/li><li><a href='https:\/\/tacarc.org\/info\/arbitre-ffta\/'>Arbitre FFTA<\/a><\/li><li><a href='https:\/\/tacarc.org\/info\/archerie-conseils\/'>Archerie: conseils FFTA et \u00e9cole de tir<\/a><\/li><\/ul>\n","protected":false},"excerpt":{"rendered":"<p>L'archerie est l'usage de l'arc ou l'exercice du tir \u00e0 l'arc. Cette rubrique et sections associ\u00e9es indiquent quelques conseils et informations utiles pour la pratique du tir \u00e0 l'arc. pr\u00e9conisations 7 conseil capitaux \u00e0 ceux qui enseignent le tir \u00e0 &hellip; <a href=\"https:\/\/tacarc.org\/info\/liens-utiles\/\">Continuer la lecture <span class=\"meta-nav\">&rarr;<\/span><\/a><\/p>\n","protected":false},"author":2,"featured_media":1079,"parent":0,"menu_order":3,"comment_status":"closed","ping_status":"open","template":"","meta":{"footnotes":""},"class_list":["post-1018","page","type-page","status-publish","has-post-thumbnail","hentry"],"jetpack_sharing_enabled":true,"_links":{"self":[{"href":"https:\/\/tacarc.org\/info\/wp-json\/wp\/v2\/pages\/1018","targetHints":{"allow":["GET"]}}],"collection":[{"href":"https:\/\/tacarc.org\/info\/wp-json\/wp\/v2\/pages"}],"about":[{"href":"https:\/\/tacarc.org\/info\/wp-json\/wp\/v2\/types\/page"}],"author":[{"embeddable":true,"href":"https:\/\/tacarc.org\/info\/wp-json\/wp\/v2\/users\/2"}],"replies":[{"embeddable":true,"href":"https:\/\/tacarc.org\/info\/wp-json\/wp\/v2\/comments?post=1018"}],"version-history":[{"count":0,"href":"https:\/\/tacarc.org\/info\/wp-json\/wp\/v2\/pages\/1018\/revisions"}],"wp:featuredmedia":[{"embeddable":true,"href":"https:\/\/tacarc.org\/info\/wp-json\/wp\/v2\/media\/1079"}],"wp:attachment":[{"href":"https:\/\/tacarc.org\/info\/wp-json\/wp\/v2\/media?parent=1018"}],"curies":[{"name":"wp","href":"https:\/\/api.w.org\/{rel}","templated":true}]}}